Last updated on 2022-04-24 03:52:32 CEST.
Flavor | Version | Tinstall | Tcheck | Ttotal | Status | Flags |
---|---|---|---|---|---|---|
r-devel-linux-x86_64-debian-clang | 1.0.14 | 8.93 | 142.95 | 151.88 | NOTE | |
r-devel-linux-x86_64-debian-gcc | 1.0.14 | 7.44 | 104.71 | 112.15 | NOTE | |
r-devel-linux-x86_64-fedora-clang | 1.0.14 | 176.75 | NOTE | |||
r-devel-linux-x86_64-fedora-gcc | 1.0.14 | 166.11 | NOTE | |||
r-patched-linux-x86_64 | 1.0.14 | 8.70 | 135.93 | 144.63 | NOTE | |
r-release-linux-x86_64 | 1.0.14 | 8.80 | 130.63 | 139.43 | NOTE | |
r-release-macos-arm64 | 1.0.14 | NOTE | ||||
r-release-macos-x86_64 | 1.0.14 | NOTE | ||||
r-release-windows-x86_64 | 1.0.14 | 17.00 | 139.00 | 156.00 | NOTE | |
r-oldrel-macos-arm64 | 1.0.14 | NOTE | ||||
r-oldrel-macos-x86_64 | 1.0.14 | NOTE | ||||
r-oldrel-windows-ix86+x86_64 | 1.0.14 | 21.00 | 135.00 | 156.00 | OK |
Version: 1.0.14
Check: package dependencies
Result: NOTE
Package suggested but not available for checking: 'nbc4va'
Flavors: r-devel-linux-x86_64-debian-clang, r-devel-linux-x86_64-debian-gcc, r-devel-linux-x86_64-fedora-clang, r-devel-linux-x86_64-fedora-gcc, r-patched-linux-x86_64, r-release-linux-x86_64, r-release-macos-arm64, r-release-macos-x86_64, r-release-windows-x86_64, r-oldrel-macos-arm64, r-oldrel-macos-x86_64