Last updated on 2022-04-24 03:52:32 CEST.
Flavor | Version | Tinstall | Tcheck | Ttotal | Status | Flags |
---|---|---|---|---|---|---|
r-devel-linux-x86_64-debian-clang | 0.2.0 | 7.27 | 67.12 | 74.39 | NOTE | |
r-devel-linux-x86_64-debian-gcc | 0.2.0 | 4.96 | 50.61 | 55.57 | NOTE | |
r-devel-linux-x86_64-fedora-clang | 0.2.0 | 89.12 | NOTE | |||
r-devel-linux-x86_64-fedora-gcc | 0.2.0 | 75.32 | NOTE | |||
r-patched-linux-x86_64 | 0.2.0 | 6.66 | 63.38 | 70.04 | NOTE | |
r-release-linux-x86_64 | 0.2.0 | 5.97 | 60.90 | 66.87 | NOTE | |
r-release-macos-arm64 | 0.2.0 | NOTE | ||||
r-release-macos-x86_64 | 0.2.0 | NOTE | ||||
r-release-windows-x86_64 | 0.2.0 | 19.00 | 109.00 | 128.00 | NOTE | |
r-oldrel-macos-arm64 | 0.2.0 | NOTE | ||||
r-oldrel-macos-x86_64 | 0.2.0 | NOTE | ||||
r-oldrel-windows-ix86+x86_64 | 0.2.0 | 23.00 | 129.00 | 152.00 | NOTE |
Version: 0.2.0
Check: LazyData
Result: NOTE
'LazyData' is specified without a 'data' directory
Flavors: r-devel-linux-x86_64-debian-clang, r-devel-linux-x86_64-debian-gcc, r-devel-linux-x86_64-fedora-clang, r-devel-linux-x86_64-fedora-gcc, r-patched-linux-x86_64, r-release-linux-x86_64, r-release-macos-arm64, r-release-macos-x86_64, r-release-windows-x86_64, r-oldrel-macos-arm64, r-oldrel-macos-x86_64, r-oldrel-windows-ix86+x86_64