Last updated on 2022-04-24 03:52:32 CEST.
Flavor | Version | Tinstall | Tcheck | Ttotal | Status | Flags |
---|---|---|---|---|---|---|
r-devel-linux-x86_64-debian-gcc | 0.0.1 | 4.89 | 117.18 | 122.07 | OK | |
r-devel-linux-x86_64-fedora-clang | 0.0.1 | 213.79 | NOTE | |||
r-devel-linux-x86_64-fedora-gcc | 0.0.1 | 199.16 | NOTE | |||
r-patched-linux-x86_64 | 0.0.1 | 5.89 | 153.66 | 159.55 | OK |
Version: 0.0.1
Check: data for non-ASCII characters
Result: NOTE
Note: found 5 marked UTF-8 strings
Flavors: r-devel-linux-x86_64-fedora-clang, r-devel-linux-x86_64-fedora-gcc