Last updated on 2022-04-24 03:52:32 CEST.
Flavor | Version | Tinstall | Tcheck | Ttotal | Status | Flags |
---|---|---|---|---|---|---|
r-devel-linux-x86_64-debian-clang | 0.1.1 | 3.14 | 33.78 | 36.92 | OK | |
r-devel-linux-x86_64-debian-gcc | 0.1.1 | 2.09 | 25.97 | 28.06 | OK | |
r-devel-linux-x86_64-fedora-clang | 0.1.1 | 44.79 | NOTE | |||
r-devel-linux-x86_64-fedora-gcc | 0.1.1 | 33.34 | NOTE | |||
r-patched-linux-x86_64 | 0.1.1 | 2.98 | 32.77 | 35.75 | OK | |
r-release-linux-x86_64 | 0.1.1 | 2.60 | 31.30 | 33.90 | OK | |
r-release-macos-arm64 | 0.1.1 | NOTE | ||||
r-release-macos-x86_64 | 0.1.1 | NOTE | ||||
r-release-windows-x86_64 | 0.1.1 | 10.00 | 53.00 | 63.00 | OK | |
r-oldrel-macos-arm64 | 0.1.1 | NOTE | ||||
r-oldrel-macos-x86_64 | 0.1.1 | NOTE | ||||
r-oldrel-windows-ix86+x86_64 | 0.1.1 | 7.00 | 38.00 | 45.00 | OK |
Version: 0.1.1
Check: dependencies in R code
Result: NOTE
Namespaces in Imports field not imported from:
‘dplyr’ ‘glue’ ‘httpcode’ ‘httr’ ‘jsonlite’ ‘tidyr’
All declared Imports should be used.
Flavors: r-devel-linux-x86_64-fedora-clang, r-devel-linux-x86_64-fedora-gcc, r-release-macos-arm64, r-release-macos-x86_64, r-oldrel-macos-arm64, r-oldrel-macos-x86_64