Last updated on 2022-04-24 03:52:32 CEST.
Flavor | Version | Tinstall | Tcheck | Ttotal | Status | Flags |
---|---|---|---|---|---|---|
r-devel-linux-x86_64-debian-clang | 0.5.81 | 2.61 | 35.18 | 37.79 | NOTE | |
r-devel-linux-x86_64-debian-gcc | 0.5.81 | 2.00 | 27.34 | 29.34 | NOTE | |
r-devel-linux-x86_64-fedora-clang | 0.5.81 | 45.90 | NOTE | |||
r-devel-linux-x86_64-fedora-gcc | 0.5.81 | 34.32 | NOTE | |||
r-patched-linux-x86_64 | 0.5.81 | 2.05 | 33.78 | 35.83 | NOTE | |
r-release-linux-x86_64 | 0.5.81 | 2.06 | 32.86 | 34.92 | NOTE | |
r-release-macos-arm64 | 0.5.81 | NOTE | ||||
r-release-macos-x86_64 | 0.5.81 | NOTE | ||||
r-release-windows-x86_64 | 0.5.81 | 17.00 | 50.00 | 67.00 | NOTE | |
r-oldrel-macos-arm64 | 0.5.81 | NOTE | ||||
r-oldrel-macos-x86_64 | 0.5.81 | NOTE | ||||
r-oldrel-windows-ix86+x86_64 | 0.5.81 | 6.00 | 41.00 | 47.00 | NOTE |
Version: 0.5.81
Check: LazyData
Result: NOTE
'LazyData' is specified without a 'data' directory
Flavors: r-devel-linux-x86_64-debian-clang, r-devel-linux-x86_64-debian-gcc, r-devel-linux-x86_64-fedora-clang, r-devel-linux-x86_64-fedora-gcc, r-patched-linux-x86_64, r-release-linux-x86_64, r-release-macos-arm64, r-release-macos-x86_64, r-release-windows-x86_64, r-oldrel-macos-arm64, r-oldrel-macos-x86_64, r-oldrel-windows-ix86+x86_64