Last updated on 2022-04-24 03:52:32 CEST.
Flavor | Version | Tinstall | Tcheck | Ttotal | Status | Flags |
---|---|---|---|---|---|---|
r-devel-linux-x86_64-debian-clang | 2.2.7 | 6.55 | 53.86 | 60.41 | OK | |
r-devel-linux-x86_64-debian-gcc | 2.2.7 | 3.74 | 39.58 | 43.32 | OK | |
r-devel-linux-x86_64-fedora-clang | 2.2.7 | 74.56 | NOTE | |||
r-devel-linux-x86_64-fedora-gcc | 2.2.7 | 58.42 | NOTE | |||
r-patched-linux-x86_64 | 2.2.7 | 6.57 | 50.69 | 57.26 | OK | |
r-release-linux-x86_64 | 2.2.7 | 5.63 | 49.37 | 55.00 | OK | |
r-release-macos-arm64 | 2.2.7 | NOTE | ||||
r-release-macos-x86_64 | 2.2.7 | NOTE | ||||
r-release-windows-x86_64 | 2.2.7 | 24.00 | 66.00 | 90.00 | NOTE | |
r-oldrel-macos-arm64 | 2.2.7 | NOTE | ||||
r-oldrel-macos-x86_64 | 2.2.7 | NOTE | ||||
r-oldrel-windows-ix86+x86_64 | 2.2.7 | 12.00 | 54.00 | 66.00 | NOTE |
Version: 2.2.7
Check: data for non-ASCII characters
Result: NOTE
Note: found 4 marked UTF-8 strings
Flavors: r-devel-linux-x86_64-fedora-clang, r-devel-linux-x86_64-fedora-gcc, r-release-macos-arm64, r-release-macos-x86_64, r-oldrel-macos-arm64, r-oldrel-macos-x86_64
Version: 2.2.7
Check: package dependencies
Result: NOTE
Package suggested but not available for checking: 'unix'
Flavors: r-release-windows-x86_64, r-oldrel-windows-ix86+x86_64