Last updated on 2022-04-24 03:52:32 CEST.
Flavor | Version | Tinstall | Tcheck | Ttotal | Status | Flags |
---|---|---|---|---|---|---|
r-devel-linux-x86_64-debian-clang | 0.2.1 | 121.93 | 124.55 | 246.48 | OK | |
r-devel-linux-x86_64-debian-gcc | 0.2.1 | 91.25 | 54.11 | 145.36 | OK | |
r-devel-linux-x86_64-fedora-gcc | 0.2.1 | 269.66 | OK | |||
r-patched-linux-x86_64 | 0.2.1 | 103.35 | 70.33 | 173.68 | OK | |
r-release-linux-x86_64 | 0.2.1 | 100.56 | 69.18 | 169.74 | OK | |
r-release-macos-arm64 | 0.2.1 | NOTE | ||||
r-release-macos-x86_64 | 0.2.1 | NOTE | ||||
r-release-windows-x86_64 | 0.2.1 | 352.00 | 154.00 | 506.00 | NOTE | |
r-oldrel-macos-arm64 | 0.2.1 | NOTE | ||||
r-oldrel-macos-x86_64 | 0.2.1 | NOTE | ||||
r-oldrel-windows-ix86+x86_64 | 0.2.1 | 320.00 | 138.00 | 458.00 | NOTE |
Version: 0.2.1
Check: installed package size
Result: NOTE
installed size is 24.4Mb
sub-directories of 1Mb or more:
libs 14.0Mb
share 10.2Mb
Flavors: r-release-macos-arm64, r-release-macos-x86_64, r-release-windows-x86_64, r-oldrel-macos-arm64, r-oldrel-macos-x86_64, r-oldrel-windows-ix86+x86_64