Last updated on 2022-04-24 03:52:32 CEST.
Flavor | Version | Tinstall | Tcheck | Ttotal | Status | Flags |
---|---|---|---|---|---|---|
r-devel-linux-x86_64-debian-clang | 2.3.0 | 36.03 | 196.33 | 232.36 | OK | |
r-devel-linux-x86_64-debian-gcc | 2.3.0 | 33.57 | 141.81 | 175.38 | OK | |
r-devel-linux-x86_64-fedora-clang | 2.3.0 | 277.82 | NOTE | |||
r-devel-linux-x86_64-fedora-gcc | 2.3.0 | 263.04 | NOTE | |||
r-patched-linux-x86_64 | 2.3.0 | 42.29 | 178.62 | 220.91 | OK | |
r-release-linux-x86_64 | 2.3.0 | 35.13 | 170.93 | 206.06 | OK | |
r-release-macos-arm64 | 2.3.0 | NOTE | ||||
r-release-macos-x86_64 | 2.3.0 | NOTE | ||||
r-release-windows-x86_64 | 2.3.0 | 242.00 | 315.00 | 557.00 | NOTE | |
r-oldrel-macos-arm64 | 2.3.0 | NOTE | ||||
r-oldrel-macos-x86_64 | 2.3.0 | NOTE | ||||
r-oldrel-windows-ix86+x86_64 | 2.3.0 | 67.00 | 265.00 | 332.00 | NOTE |
Version: 2.3.0
Check: installed package size
Result: NOTE
installed size is 5.1Mb
sub-directories of 1Mb or more:
data 4.2Mb
Flavors: r-devel-linux-x86_64-fedora-clang, r-release-macos-arm64, r-release-macos-x86_64, r-release-windows-x86_64, r-oldrel-macos-arm64, r-oldrel-macos-x86_64, r-oldrel-windows-ix86+x86_64
Version: 2.3.0
Check: data for non-ASCII characters
Result: NOTE
Note: found 2524 marked UTF-8 strings
Flavors: r-devel-linux-x86_64-fedora-clang, r-devel-linux-x86_64-fedora-gcc, r-release-macos-arm64, r-release-macos-x86_64, r-oldrel-macos-arm64, r-oldrel-macos-x86_64