Last updated on 2022-04-24 03:52:32 CEST.
Flavor | Version | Tinstall | Tcheck | Ttotal | Status | Flags |
---|---|---|---|---|---|---|
r-devel-linux-x86_64-debian-clang | 2.0.0 | 16.90 | 61.51 | 78.41 | OK | |
r-devel-linux-x86_64-debian-gcc | 2.0.0 | 9.44 | 48.60 | 58.04 | OK | |
r-devel-linux-x86_64-fedora-clang | 2.0.0 | 97.02 | OK | |||
r-devel-linux-x86_64-fedora-gcc | 2.0.0 | 80.50 | OK | |||
r-patched-linux-x86_64 | 2.0.0 | 12.41 | 59.52 | 71.93 | OK | |
r-release-linux-x86_64 | 2.0.0 | 9.33 | 62.88 | 72.21 | OK | |
r-release-macos-arm64 | 2.0.0 | NOTE | ||||
r-release-macos-x86_64 | 2.0.0 | NOTE | ||||
r-release-windows-x86_64 | 2.0.0 | 120.00 | 121.00 | 241.00 | NOTE | |
r-oldrel-macos-arm64 | 2.0.0 | NOTE | ||||
r-oldrel-macos-x86_64 | 2.0.0 | NOTE | ||||
r-oldrel-windows-ix86+x86_64 | 2.0.0 | 71.00 | 137.00 | 208.00 | NOTE |
Version: 2.0.0
Check: installed package size
Result: NOTE
installed size is 5.9Mb
sub-directories of 1Mb or more:
doc 2.6Mb
libs 2.8Mb
Flavors: r-release-macos-arm64, r-release-macos-x86_64, r-release-windows-x86_64, r-oldrel-macos-arm64, r-oldrel-macos-x86_64, r-oldrel-windows-ix86+x86_64