Last updated on 2022-04-24 03:52:32 CEST.
Flavor | Version | Tinstall | Tcheck | Ttotal | Status | Flags |
---|---|---|---|---|---|---|
r-devel-linux-x86_64-debian-clang | 4.2.5 | 125.49 | 151.10 | 276.59 | WARN | |
r-devel-linux-x86_64-debian-gcc | 4.2.5 | 106.20 | 116.12 | 222.32 | OK | |
r-devel-linux-x86_64-fedora-clang | 4.2.5 | 382.54 | WARN | |||
r-devel-linux-x86_64-fedora-gcc | 4.2.5 | 343.43 | OK | |||
r-patched-linux-x86_64 | 4.2.5 | 120.86 | 146.05 | 266.91 | OK | |
r-release-linux-x86_64 | 4.2.5 | 110.58 | 142.08 | 252.66 | OK | |
r-release-macos-arm64 | 4.2.5 | NOTE | ||||
r-release-macos-x86_64 | 4.2.5 | NOTE | ||||
r-release-windows-x86_64 | 4.2.5 | 224.00 | 232.00 | 456.00 | OK | |
r-oldrel-macos-arm64 | 4.2.5 | NOTE | ||||
r-oldrel-macos-x86_64 | 4.2.5 | NOTE | ||||
r-oldrel-windows-ix86+x86_64 | 4.2.5 | 255.00 | 279.00 | 534.00 | OK |
Version: 4.2.5
Check: whether package can be installed
Result: WARN
Found the following significant warnings:
load_workbook.cpp:122:15: warning: use of bitwise '|' with boolean operands [-Wbitwise-instead-of-logical]
load_workbook.cpp:142:17: warning: use of bitwise '&' with boolean operands [-Wbitwise-instead-of-logical]
read_workbook.cpp:640:6: warning: use of bitwise '|' with boolean operands [-Wbitwise-instead-of-logical]
write_data.cpp:106:8: warning: use of bitwise '|' with boolean operands [-Wbitwise-instead-of-logical]
write_data.cpp:137:8: warning: use of bitwise '|' with boolean operands [-Wbitwise-instead-of-logical]
write_file.cpp:251:14: warning: use of bitwise '&' with boolean operands [-Wbitwise-instead-of-logical]
Flavors: r-devel-linux-x86_64-debian-clang, r-devel-linux-x86_64-fedora-clang
Version: 4.2.5
Check: installed package size
Result: NOTE
installed size is 6.0Mb
sub-directories of 1Mb or more:
extdata 1.1Mb
libs 3.7Mb
Flavors: r-devel-linux-x86_64-fedora-clang, r-release-macos-arm64, r-release-macos-x86_64, r-oldrel-macos-arm64, r-oldrel-macos-x86_64