Last updated on 2022-04-24 03:52:32 CEST.
Flavor | Version | Tinstall | Tcheck | Ttotal | Status | Flags |
---|---|---|---|---|---|---|
r-devel-linux-x86_64-debian-clang | 1.2.0 | 183.23 | 169.81 | 353.04 | OK | |
r-devel-linux-x86_64-debian-gcc | 1.2.0 | 156.01 | 123.71 | 279.72 | OK | |
r-devel-linux-x86_64-fedora-clang | 1.2.0 | 477.66 | NOTE | |||
r-devel-linux-x86_64-fedora-gcc | 1.2.0 | 468.04 | NOTE | |||
r-patched-linux-x86_64 | 1.2.0 | 164.29 | 158.86 | 323.15 | OK | |
r-release-linux-x86_64 | 1.2.0 | 152.02 | 159.06 | 311.08 | OK | |
r-release-macos-arm64 | 1.2.0 | NOTE | ||||
r-release-macos-x86_64 | 1.2.0 | NOTE | ||||
r-release-windows-x86_64 | 1.2.0 | 123.00 | 200.00 | 323.00 | NOTE | |
r-oldrel-macos-arm64 | 1.2.0 | NOTE | ||||
r-oldrel-macos-x86_64 | 1.2.0 | NOTE | ||||
r-oldrel-windows-ix86+x86_64 | 1.2.0 | 348.00 | 278.00 | 626.00 | NOTE |
Version: 1.2.0
Check: installed package size
Result: NOTE
installed size is 33.0Mb
sub-directories of 1Mb or more:
extdata 2.1Mb
libs 29.3Mb
Flavors: r-devel-linux-x86_64-fedora-clang, r-release-macos-arm64, r-release-macos-x86_64, r-release-windows-x86_64, r-oldrel-macos-arm64, r-oldrel-macos-x86_64, r-oldrel-windows-ix86+x86_64
Version: 1.2.0
Check: dependencies in R code
Result: NOTE
Namespace in Imports field not imported from: ‘Rdpack’
All declared Imports should be used.
Flavors: r-devel-linux-x86_64-fedora-clang, r-devel-linux-x86_64-fedora-gcc, r-release-macos-arm64, r-release-macos-x86_64, r-oldrel-macos-arm64, r-oldrel-macos-x86_64