Last updated on 2022-04-24 03:52:32 CEST.
Flavor | Version | Tinstall | Tcheck | Ttotal | Status | Flags |
---|---|---|---|---|---|---|
r-devel-linux-x86_64-debian-clang | 1.0.3 | 243.67 | 185.97 | 429.64 | WARN | |
r-devel-linux-x86_64-debian-gcc | 1.0.3 | 195.56 | 139.90 | 335.46 | NOTE | |
r-devel-linux-x86_64-fedora-clang | 1.0.3 | 619.01 | WARN | |||
r-devel-linux-x86_64-fedora-gcc | 1.0.3 | 563.99 | NOTE | |||
r-patched-linux-x86_64 | 1.0.3 | 213.40 | 175.59 | 388.99 | NOTE | |
r-release-linux-x86_64 | 1.0.3 | 213.98 | 166.59 | 380.57 | NOTE | |
r-release-macos-arm64 | 1.0.3 | NOTE | ||||
r-release-macos-x86_64 | 1.0.3 | NOTE | ||||
r-release-windows-x86_64 | 1.0.3 | 245.00 | 239.00 | 484.00 | NOTE | |
r-oldrel-macos-arm64 | 1.0.3 | NOTE | ||||
r-oldrel-macos-x86_64 | 1.0.3 | NOTE | ||||
r-oldrel-windows-ix86+x86_64 | 1.0.3 | 587.00 | 319.00 | 906.00 | NOTE |
Version: 1.0.3
Check: package dependencies
Result: NOTE
Package suggested but not available for checking: 'gurobi'
Flavors: r-devel-linux-x86_64-debian-clang, r-devel-linux-x86_64-debian-gcc, r-devel-linux-x86_64-fedora-clang, r-devel-linux-x86_64-fedora-gcc, r-patched-linux-x86_64, r-release-linux-x86_64, r-release-windows-x86_64, r-oldrel-windows-ix86+x86_64
Version: 1.0.3
Check: whether package can be installed
Result: WARN
Found the following significant warnings:
functions.cpp:103:13: warning: use of bitwise '&' with boolean operands [-Wbitwise-instead-of-logical]
rcpp_funded_projects.cpp:18:13: warning: use of bitwise '&' with boolean operands [-Wbitwise-instead-of-logical]
rcpp_random_solution.cpp:90:11: warning: use of bitwise '|' with boolean operands [-Wbitwise-instead-of-logical]
Flavors: r-devel-linux-x86_64-debian-clang, r-devel-linux-x86_64-fedora-clang
Version: 1.0.3
Check: installed package size
Result: NOTE
installed size is 7.0Mb
sub-directories of 1Mb or more:
libs 5.3Mb
Flavors: r-devel-linux-x86_64-fedora-clang, r-release-macos-arm64, r-release-macos-x86_64, r-oldrel-macos-arm64, r-oldrel-macos-x86_64
Version: 1.0.3
Check: package dependencies
Result: NOTE
Packages suggested but not available for checking:
'gurobi', 'ggtree', 'Rsymphony', 'lpsymphony'
Flavors: r-release-macos-arm64, r-oldrel-macos-arm64
Version: 1.0.3
Check: Rd cross-references
Result: NOTE
Package unavailable to check Rd xrefs: ‘ggtree’
Flavors: r-release-macos-arm64, r-release-macos-x86_64, r-oldrel-macos-arm64, r-oldrel-macos-x86_64
Version: 1.0.3
Check: package dependencies
Result: NOTE
Packages suggested but not available for checking:
'gurobi', 'ggtree', 'lpsymphony'
Flavors: r-release-macos-x86_64, r-oldrel-macos-x86_64