Last updated on 2022-04-24 03:52:32 CEST.
Flavor | Version | Tinstall | Tcheck | Ttotal | Status | Flags |
---|---|---|---|---|---|---|
r-devel-linux-x86_64-debian-clang | 1.0.1 | 10.63 | 89.14 | 99.77 | NOTE | |
r-devel-linux-x86_64-debian-gcc | 1.0.1 | 9.17 | 68.29 | 77.46 | NOTE | |
r-devel-linux-x86_64-fedora-clang | 1.0.1 | 124.02 | NOTE | |||
r-devel-linux-x86_64-fedora-gcc | 1.0.1 | 110.06 | NOTE | |||
r-patched-linux-x86_64 | 1.0.1 | 12.55 | 86.49 | 99.04 | NOTE | |
r-release-linux-x86_64 | 1.0.1 | 10.37 | 82.80 | 93.17 | NOTE | |
r-release-macos-arm64 | 1.0.1 | OK | ||||
r-release-macos-x86_64 | 1.0.1 | OK | ||||
r-release-windows-x86_64 | 1.0.1 | 26.00 | 105.00 | 131.00 | OK | |
r-oldrel-macos-arm64 | 1.0.1 | OK | ||||
r-oldrel-macos-x86_64 | 1.0.1 | OK | ||||
r-oldrel-windows-ix86+x86_64 | 1.0.1 | 20.00 | 90.00 | 110.00 | OK |
Version: 1.0.1
Check: for non-standard things in the check directory
Result: NOTE
Found the following files/directories:
'Graph_layout_Doptbd_trtE'
Flavors: r-devel-linux-x86_64-debian-clang, r-devel-linux-x86_64-debian-gcc, r-devel-linux-x86_64-fedora-clang, r-devel-linux-x86_64-fedora-gcc, r-patched-linux-x86_64, r-release-linux-x86_64