Last updated on 2022-04-24 03:52:32 CEST.
Flavor | Version | Tinstall | Tcheck | Ttotal | Status | Flags |
---|---|---|---|---|---|---|
r-devel-linux-x86_64-debian-clang | 1.0.1 | 5.39 | 74.34 | 79.73 | OK | |
r-devel-linux-x86_64-debian-gcc | 1.0.1 | 3.46 | 53.08 | 56.54 | OK | |
r-devel-linux-x86_64-fedora-clang | 1.0.1 | 95.59 | NOTE | |||
r-devel-linux-x86_64-fedora-gcc | 1.0.1 | 79.19 | NOTE | |||
r-patched-linux-x86_64 | 1.0.1 | 4.23 | 69.53 | 73.76 | OK | |
r-release-linux-x86_64 | 1.0.1 | 2.74 | 69.16 | 71.90 | OK | |
r-release-macos-arm64 | 1.0.1 | NOTE | ||||
r-release-macos-x86_64 | 1.0.1 | NOTE | ||||
r-release-windows-x86_64 | 1.0.1 | 70.00 | 99.00 | 169.00 | OK | |
r-oldrel-macos-arm64 | 1.0.1 | NOTE | ||||
r-oldrel-macos-x86_64 | 1.0.1 | NOTE | ||||
r-oldrel-windows-ix86+x86_64 | 1.0.1 | 9.00 | 78.00 | 87.00 | OK |
Version: 1.0.1
Check: dependencies in R code
Result: NOTE
Namespaces in Imports field not imported from:
‘DT’ ‘hrbrthemes’ ‘magrittr’ ‘orthopolynom’ ‘plotly’ ‘shinyalert’
‘shinydashboard’ ‘shinyjs’
All declared Imports should be used.
Flavors: r-devel-linux-x86_64-fedora-clang, r-devel-linux-x86_64-fedora-gcc, r-release-macos-arm64, r-release-macos-x86_64, r-oldrel-macos-arm64, r-oldrel-macos-x86_64