Last updated on 2022-04-24 03:52:32 CEST.
Flavor | Version | Tinstall | Tcheck | Ttotal | Status | Flags |
---|---|---|---|---|---|---|
r-devel-linux-x86_64-debian-clang | 0.40.1 | 8.45 | 97.38 | 105.83 | NOTE | |
r-devel-linux-x86_64-debian-gcc | 0.40.1 | 6.30 | 70.97 | 77.27 | NOTE | |
r-devel-linux-x86_64-fedora-clang | 0.40.1 | 123.85 | NOTE | |||
r-devel-linux-x86_64-fedora-gcc | 0.40.1 | 108.47 | NOTE | |||
r-patched-linux-x86_64 | 0.40.1 | 6.06 | 90.28 | 96.34 | NOTE | |
r-release-linux-x86_64 | 0.40.1 | 6.41 | 85.42 | 91.83 | NOTE | |
r-release-macos-arm64 | 0.40.1 | NOTE | ||||
r-release-macos-x86_64 | 0.40.1 | NOTE | ||||
r-release-windows-x86_64 | 0.40.1 | 26.00 | 118.00 | 144.00 | NOTE | |
r-oldrel-macos-arm64 | 0.40.1 | NOTE | ||||
r-oldrel-macos-x86_64 | 0.40.1 | NOTE | ||||
r-oldrel-windows-ix86+x86_64 | 0.40.1 | 17.00 | 99.00 | 116.00 | NOTE |
Version: 0.40.1
Check: LazyData
Result: NOTE
'LazyData' is specified without a 'data' directory
Flavors: r-devel-linux-x86_64-debian-clang, r-devel-linux-x86_64-debian-gcc, r-devel-linux-x86_64-fedora-clang, r-devel-linux-x86_64-fedora-gcc, r-patched-linux-x86_64, r-release-linux-x86_64, r-release-macos-arm64, r-release-macos-x86_64, r-release-windows-x86_64, r-oldrel-macos-arm64, r-oldrel-macos-x86_64, r-oldrel-windows-ix86+x86_64