Last updated on 2022-04-24 03:52:32 CEST.
Flavor | Version | Tinstall | Tcheck | Ttotal | Status | Flags |
---|---|---|---|---|---|---|
r-devel-linux-x86_64-debian-clang | 2.0.5 | 175.08 | 275.94 | 451.02 | OK | |
r-devel-linux-x86_64-debian-gcc | 2.0.5 | 134.27 | 207.91 | 342.18 | OK | |
r-devel-linux-x86_64-fedora-clang | 2.0.5 | 631.33 | NOTE | |||
r-devel-linux-x86_64-fedora-gcc | 2.0.5 | 541.21 | OK | |||
r-patched-linux-x86_64 | 2.0.5 | 137.34 | 262.25 | 399.59 | OK | |
r-release-linux-x86_64 | 2.0.5 | 108.68 | 255.96 | 364.64 | OK | |
r-release-macos-arm64 | 2.0.5 | NOTE | ||||
r-release-macos-x86_64 | 2.0.5 | NOTE | ||||
r-release-windows-x86_64 | 2.0.5 | 176.00 | 329.00 | 505.00 | OK | |
r-oldrel-macos-arm64 | 2.0.5 | NOTE | ||||
r-oldrel-macos-x86_64 | 2.0.5 | NOTE | ||||
r-oldrel-windows-ix86+x86_64 | 2.0.5 | 408.00 | 397.00 | 805.00 | NOTE |
Version: 2.0.5
Check: installed package size
Result: NOTE
installed size is 5.1Mb
sub-directories of 1Mb or more:
extdata 1.8Mb
libs 2.2Mb
Flavors: r-devel-linux-x86_64-fedora-clang, r-release-macos-arm64, r-release-macos-x86_64, r-oldrel-macos-arm64, r-oldrel-macos-x86_64, r-oldrel-windows-ix86+x86_64
Version: 2.0.5
Check: Rd cross-references
Result: NOTE
Undeclared packages ‘alabama’, ‘cccp’, ‘nloptr’ in Rd xrefs
Flavor: r-devel-linux-x86_64-fedora-clang