Last updated on 2022-04-24 03:52:32 CEST.
Flavor | Version | Tinstall | Tcheck | Ttotal | Status | Flags |
---|---|---|---|---|---|---|
r-devel-linux-x86_64-debian-clang | 1.0 | 11.05 | 108.51 | 119.56 | OK | |
r-devel-linux-x86_64-debian-gcc | 1.0 | 8.42 | 82.05 | 90.47 | OK | |
r-devel-linux-x86_64-fedora-clang | 1.0 | 151.84 | NOTE | |||
r-devel-linux-x86_64-fedora-gcc | 1.0 | 130.29 | NOTE | |||
r-patched-linux-x86_64 | 1.0 | 8.63 | 104.38 | 113.01 | OK | |
r-release-linux-x86_64 | 1.0 | 6.25 | 100.08 | 106.33 | OK | |
r-release-macos-arm64 | 1.0 | NOTE | ||||
r-release-macos-x86_64 | 1.0 | NOTE | ||||
r-release-windows-x86_64 | 1.0 | 31.00 | 118.00 | 149.00 | OK | |
r-oldrel-macos-arm64 | 1.0 | NOTE | ||||
r-oldrel-macos-x86_64 | 1.0 | NOTE | ||||
r-oldrel-windows-ix86+x86_64 | 1.0 | 21.00 | 115.00 | 136.00 | OK |
Version: 1.0
Check: dependencies in R code
Result: NOTE
Namespace in Imports field not imported from: ‘Matrix’
All declared Imports should be used.
Flavors: r-devel-linux-x86_64-fedora-clang, r-devel-linux-x86_64-fedora-gcc, r-release-macos-arm64, r-release-macos-x86_64, r-oldrel-macos-arm64, r-oldrel-macos-x86_64