Last updated on 2022-04-24 03:52:32 CEST.
Flavor | Version | Tinstall | Tcheck | Ttotal | Status | Flags |
---|---|---|---|---|---|---|
r-devel-linux-x86_64-debian-clang | 0.1.0 | 2.94 | 59.05 | 61.99 | NOTE | |
r-devel-linux-x86_64-debian-gcc | 0.1.0 | 2.84 | 43.39 | 46.23 | NOTE | |
r-devel-linux-x86_64-fedora-clang | 0.1.0 | 74.75 | NOTE | |||
r-devel-linux-x86_64-fedora-gcc | 0.1.0 | 61.59 | NOTE | |||
r-patched-linux-x86_64 | 0.1.0 | 3.00 | 54.91 | 57.91 | NOTE | |
r-release-linux-x86_64 | 0.1.0 | 2.33 | 53.32 | 55.65 | NOTE | |
r-release-macos-arm64 | 0.1.0 | NOTE | ||||
r-release-macos-x86_64 | 0.1.0 | NOTE | ||||
r-release-windows-x86_64 | 0.1.0 | 21.00 | 76.00 | 97.00 | NOTE | |
r-oldrel-macos-arm64 | 0.1.0 | NOTE | ||||
r-oldrel-macos-x86_64 | 0.1.0 | NOTE | ||||
r-oldrel-windows-ix86+x86_64 | 0.1.0 | 9.00 | 66.00 | 75.00 | NOTE |
Version: 0.1.0
Check: LazyData
Result: NOTE
'LazyData' is specified without a 'data' directory
Flavors: r-devel-linux-x86_64-debian-clang, r-devel-linux-x86_64-debian-gcc, r-devel-linux-x86_64-fedora-clang, r-devel-linux-x86_64-fedora-gcc, r-patched-linux-x86_64, r-release-linux-x86_64, r-release-macos-arm64, r-release-macos-x86_64, r-release-windows-x86_64, r-oldrel-macos-arm64, r-oldrel-macos-x86_64, r-oldrel-windows-ix86+x86_64