Last updated on 2022-04-24 03:52:32 CEST.
Flavor | Version | Tinstall | Tcheck | Ttotal | Status | Flags |
---|---|---|---|---|---|---|
r-devel-linux-x86_64-debian-clang | 2.0 | 2.32 | 35.37 | 37.69 | NOTE | |
r-devel-linux-x86_64-debian-gcc | 2.0 | 1.55 | 27.35 | 28.90 | NOTE | |
r-devel-linux-x86_64-fedora-clang | 2.0 | 45.98 | OK | |||
r-devel-linux-x86_64-fedora-gcc | 2.0 | 34.54 | OK | |||
r-patched-linux-x86_64 | 2.0 | 2.27 | 33.86 | 36.13 | NOTE | |
r-release-linux-x86_64 | 2.0 | 1.90 | 32.51 | 34.41 | NOTE | |
r-release-macos-arm64 | 2.0 | OK | ||||
r-release-macos-x86_64 | 2.0 | OK | ||||
r-release-windows-x86_64 | 2.0 | 18.00 | 53.00 | 71.00 | NOTE | |
r-oldrel-macos-arm64 | 2.0 | OK | ||||
r-oldrel-macos-x86_64 | 2.0 | OK | ||||
r-oldrel-windows-ix86+x86_64 | 2.0 | 6.00 | 42.00 | 48.00 | NOTE |
Version: 2.0
Check: package vignettes
Result: NOTE
Package vignette with placeholder title 'Vignette Title':
'UserGuide.Rmd'
Flavors: r-devel-linux-x86_64-debian-clang, r-devel-linux-x86_64-debian-gcc, r-patched-linux-x86_64, r-release-linux-x86_64, r-release-windows-x86_64, r-oldrel-windows-ix86+x86_64