Last updated on 2022-04-24 03:52:32 CEST.
Flavor | Version | Tinstall | Tcheck | Ttotal | Status | Flags |
---|---|---|---|---|---|---|
r-devel-linux-x86_64-debian-clang | 1.4.1 | 3.09 | 39.31 | 42.40 | NOTE | |
r-devel-linux-x86_64-debian-gcc | 1.4.1 | 2.15 | 30.25 | 32.40 | NOTE | |
r-devel-linux-x86_64-fedora-clang | 1.4.1 | 52.55 | NOTE | |||
r-devel-linux-x86_64-fedora-gcc | 1.4.1 | 41.04 | NOTE | |||
r-patched-linux-x86_64 | 1.4.1 | 3.92 | 38.35 | 42.27 | NOTE | |
r-release-linux-x86_64 | 1.4.1 | 2.53 | 36.66 | 39.19 | NOTE | |
r-release-macos-arm64 | 1.4.1 | NOTE | ||||
r-release-macos-x86_64 | 1.4.1 | NOTE | ||||
r-release-windows-x86_64 | 1.4.1 | 52.00 | 59.00 | 111.00 | NOTE | |
r-oldrel-macos-arm64 | 1.4.1 | NOTE | ||||
r-oldrel-macos-x86_64 | 1.4.1 | NOTE | ||||
r-oldrel-windows-ix86+x86_64 | 1.4.1 | 8.00 | 48.00 | 56.00 | NOTE |
Version: 1.4.1
Check: LazyData
Result: NOTE
'LazyData' is specified without a 'data' directory
Flavors: r-devel-linux-x86_64-debian-clang, r-devel-linux-x86_64-debian-gcc, r-devel-linux-x86_64-fedora-clang, r-devel-linux-x86_64-fedora-gcc, r-patched-linux-x86_64, r-release-linux-x86_64, r-release-macos-arm64, r-release-macos-x86_64, r-release-windows-x86_64, r-oldrel-macos-arm64, r-oldrel-macos-x86_64, r-oldrel-windows-ix86+x86_64