Last updated on 2022-04-24 03:52:32 CEST.
Flavor | Version | Tinstall | Tcheck | Ttotal | Status | Flags |
---|---|---|---|---|---|---|
r-devel-linux-x86_64-debian-clang | 0.0.1 | 2.71 | 38.78 | 41.49 | OK | |
r-devel-linux-x86_64-debian-gcc | 0.0.1 | 1.48 | 30.03 | 31.51 | OK | |
r-devel-linux-x86_64-fedora-clang | 0.0.1 | 51.23 | NOTE | |||
r-devel-linux-x86_64-fedora-gcc | 0.0.1 | 38.73 | OK | |||
r-patched-linux-x86_64 | 0.0.1 | 2.32 | 36.74 | 39.06 | OK | |
r-release-linux-x86_64 | 0.0.1 | 1.97 | 36.08 | 38.05 | OK | |
r-release-macos-arm64 | 0.0.1 | OK | ||||
r-release-macos-x86_64 | 0.0.1 | OK | ||||
r-release-windows-x86_64 | 0.0.1 | 33.00 | 59.00 | 92.00 | OK | |
r-oldrel-macos-arm64 | 0.0.1 | OK | ||||
r-oldrel-macos-x86_64 | 0.0.1 | OK | ||||
r-oldrel-windows-ix86+x86_64 | 0.0.1 | 6.00 | 48.00 | 54.00 | OK |
Version: 0.0.1
Check: Rd cross-references
Result: NOTE
Undeclared package ‘tibble’ in Rd xrefs
Flavor: r-devel-linux-x86_64-fedora-clang