Last updated on 2022-04-24 03:52:32 CEST.
Flavor | Version | Tinstall | Tcheck | Ttotal | Status | Flags |
---|---|---|---|---|---|---|
r-devel-linux-x86_64-debian-clang | 0.10.0 | 57.17 | 200.22 | 257.39 | NOTE | |
r-devel-linux-x86_64-debian-gcc | 0.10.0 | 43.80 | 145.42 | 189.22 | NOTE | |
r-devel-linux-x86_64-fedora-clang | 0.10.0 | 334.99 | NOTE | |||
r-devel-linux-x86_64-fedora-gcc | 0.10.0 | 299.22 | NOTE | |||
r-patched-linux-x86_64 | 0.10.0 | 49.46 | 185.72 | 235.18 | NOTE | |
r-release-linux-x86_64 | 0.10.0 | 44.57 | 182.50 | 227.07 | NOTE | |
r-release-macos-arm64 | 0.10.0 | NOTE | ||||
r-release-macos-x86_64 | 0.10.0 | NOTE | ||||
r-release-windows-x86_64 | 0.10.0 | 144.00 | 272.00 | 416.00 | NOTE | |
r-oldrel-macos-arm64 | 0.10.0 | NOTE | ||||
r-oldrel-macos-x86_64 | 0.10.0 | NOTE | ||||
r-oldrel-windows-ix86+x86_64 | 0.10.0 | 118.00 | 323.00 | 441.00 | NOTE |
Version: 0.10.0
Check: package dependencies
Result: NOTE
Package suggested but not available for checking: 'rrelaxiv'
Flavors: r-devel-linux-x86_64-debian-clang, r-devel-linux-x86_64-debian-gcc, r-devel-linux-x86_64-fedora-clang, r-devel-linux-x86_64-fedora-gcc, r-patched-linux-x86_64, r-release-linux-x86_64, r-release-macos-arm64, r-release-macos-x86_64, r-release-windows-x86_64, r-oldrel-macos-arm64, r-oldrel-macos-x86_64, r-oldrel-windows-ix86+x86_64