Last updated on 2022-04-24 03:52:32 CEST.
Flavor | Version | Tinstall | Tcheck | Ttotal | Status | Flags |
---|---|---|---|---|---|---|
r-devel-linux-x86_64-debian-clang | 1.7.1 | 2.19 | 43.28 | 45.47 | OK | |
r-devel-linux-x86_64-debian-gcc | 1.7.1 | 1.87 | 33.64 | 35.51 | OK | |
r-devel-linux-x86_64-fedora-clang | 1.7.1 | 56.66 | OK | |||
r-devel-linux-x86_64-fedora-gcc | 1.7.1 | 44.48 | OK | |||
r-patched-linux-x86_64 | 1.7.1 | 1.86 | 42.30 | 44.16 | OK | |
r-release-linux-x86_64 | 1.7.1 | 1.69 | 40.41 | 42.10 | OK | |
r-release-macos-arm64 | 1.7.1 | OK | ||||
r-release-macos-x86_64 | 1.7.1 | WARN | ||||
r-release-windows-x86_64 | 1.7.1 | 16.00 | 54.00 | 70.00 | OK | --no-vignettes |
r-oldrel-macos-arm64 | 1.7.1 | OK | ||||
r-oldrel-macos-x86_64 | 1.7.1 | WARN | ||||
r-oldrel-windows-ix86+x86_64 | 1.7.1 | 5.00 | 32.00 | 37.00 | OK | --no-vignettes |
Version: 1.7.1
Check: re-building of vignette outputs
Result: WARN
Error(s) in re-building vignettes:
...
--- re-building ‘optparse.Rrst’ using knitr
sh: +RTS: command not found
Warning in system(command) : error in running command
Error: processing vignette 'optparse.Rrst' failed with diagnostics:
pandoc document conversion failed with error 127
--- failed re-building ‘optparse.Rrst’
SUMMARY: processing the following file failed:
‘optparse.Rrst’
Error: Vignette re-building failed.
Execution halted
Flavors: r-release-macos-x86_64, r-oldrel-macos-x86_64