Last updated on 2022-04-24 03:52:32 CEST.
Flavor | Version | Tinstall | Tcheck | Ttotal | Status | Flags |
---|---|---|---|---|---|---|
r-devel-linux-x86_64-debian-clang | 3.0-3 | 14.02 | 110.15 | 124.17 | OK | |
r-devel-linux-x86_64-debian-gcc | 3.0-3 | 11.54 | 83.85 | 95.39 | OK | |
r-devel-linux-x86_64-fedora-clang | 3.0-3 | 148.55 | NOTE | |||
r-devel-linux-x86_64-fedora-gcc | 3.0-3 | 136.63 | NOTE | |||
r-patched-linux-x86_64 | 3.0-3 | 16.94 | 107.15 | 124.09 | OK | |
r-release-linux-x86_64 | 3.0-3 | 11.12 | 100.66 | 111.78 | OK | |
r-release-macos-arm64 | 3.0-3 | OK | ||||
r-release-macos-x86_64 | 3.0-3 | OK | ||||
r-release-windows-x86_64 | 3.0-3 | 53.00 | 139.00 | 192.00 | OK | |
r-oldrel-macos-arm64 | 3.0-3 | OK | ||||
r-oldrel-macos-x86_64 | 3.0-3 | OK | ||||
r-oldrel-windows-ix86+x86_64 | 3.0-3 | 33.00 | 175.00 | 208.00 | OK |
Version: 3.0-3
Check: Rd cross-references
Result: NOTE
Undeclared package ‘vegan’ in Rd xrefs
Flavor: r-devel-linux-x86_64-fedora-clang
Version: 3.0-3
Check: compiled code
Result: NOTE
File ‘optpart/libs/optpart.so’:
Found no calls to: ‘R_registerRoutines’, ‘R_useDynamicSymbols’
It is good practice to register native routines and to disable symbol
search.
See ‘Writing portable packages’ in the ‘Writing R Extensions’ manual.
Flavors: r-devel-linux-x86_64-fedora-clang, r-devel-linux-x86_64-fedora-gcc