Last updated on 2022-04-24 03:52:32 CEST.
Flavor | Version | Tinstall | Tcheck | Ttotal | Status | Flags |
---|---|---|---|---|---|---|
r-devel-linux-x86_64-debian-clang | 1.0 | 3.42 | 44.33 | 47.75 | NOTE | |
r-devel-linux-x86_64-debian-gcc | 1.0 | 3.55 | 33.96 | 37.51 | NOTE | |
r-devel-linux-x86_64-fedora-clang | 1.0 | 63.94 | NOTE | |||
r-devel-linux-x86_64-fedora-gcc | 1.0 | 51.78 | NOTE | |||
r-patched-linux-x86_64 | 1.0 | 4.15 | 43.05 | 47.20 | NOTE | |
r-release-linux-x86_64 | 1.0 | 4.11 | 45.21 | 49.32 | NOTE | |
r-release-macos-arm64 | 1.0 | NOTE | ||||
r-release-macos-x86_64 | 1.0 | NOTE | ||||
r-release-windows-x86_64 | 1.0 | 28.00 | 65.00 | 93.00 | NOTE | |
r-oldrel-macos-arm64 | 1.0 | NOTE | ||||
r-oldrel-macos-x86_64 | 1.0 | NOTE | ||||
r-oldrel-windows-ix86+x86_64 | 1.0 | 8.00 | 54.00 | 62.00 | NOTE |
Version: 1.0
Check: R code for possible problems
Result: NOTE
getMinimumArborescence: no visible global function definition for
'capture.output'
getMinimumCutTree: no visible global function definition for
'capture.output'
getMinimumCutTree: no visible global function definition for 'par'
getMinimumSpanningTree: no visible global function definition for
'capture.output'
getShortestPathTree: no visible global function definition for
'capture.output'
Undefined global functions or variables:
capture.output par
Consider adding
importFrom("graphics", "par")
importFrom("utils", "capture.output")
to your NAMESPACE file.
Flavors: r-devel-linux-x86_64-debian-clang, r-devel-linux-x86_64-debian-gcc, r-devel-linux-x86_64-fedora-clang, r-devel-linux-x86_64-fedora-gcc, r-patched-linux-x86_64, r-release-linux-x86_64, r-release-macos-arm64, r-release-macos-x86_64, r-release-windows-x86_64, r-oldrel-macos-arm64, r-oldrel-macos-x86_64, r-oldrel-windows-ix86+x86_64