Last updated on 2022-04-24 03:52:32 CEST.
Flavor | Version | Tinstall | Tcheck | Ttotal | Status | Flags |
---|---|---|---|---|---|---|
r-devel-linux-x86_64-debian-clang | 0.1-1 | 48.33 | 92.91 | 141.24 | NOTE | |
r-devel-linux-x86_64-debian-gcc | 0.1-1 | 37.98 | 69.82 | 107.80 | NOTE | |
r-devel-linux-x86_64-fedora-clang | 0.1-1 | 198.69 | NOTE | |||
r-devel-linux-x86_64-fedora-gcc | 0.1-1 | 162.98 | NOTE | |||
r-patched-linux-x86_64 | 0.1-1 | 38.73 | 89.00 | 127.73 | NOTE | |
r-release-linux-x86_64 | 0.1-1 | 39.50 | 80.81 | 120.31 | NOTE | |
r-release-macos-arm64 | 0.1-1 | NOTE | ||||
r-release-macos-x86_64 | 0.1-1 | NOTE | ||||
r-release-windows-x86_64 | 0.1-1 | 54.00 | 121.00 | 175.00 | NOTE | |
r-oldrel-macos-arm64 | 0.1-1 | NOTE | ||||
r-oldrel-macos-x86_64 | 0.1-1 | NOTE | ||||
r-oldrel-windows-ix86+x86_64 | 0.1-1 | 114.00 | 134.00 | 248.00 | NOTE |
Version: 0.1-1
Check: LazyData
Result: NOTE
'LazyData' is specified without a 'data' directory
Flavors: r-devel-linux-x86_64-debian-clang, r-devel-linux-x86_64-debian-gcc, r-devel-linux-x86_64-fedora-clang, r-devel-linux-x86_64-fedora-gcc, r-patched-linux-x86_64, r-release-linux-x86_64, r-release-macos-arm64, r-release-macos-x86_64, r-release-windows-x86_64, r-oldrel-macos-arm64, r-oldrel-macos-x86_64, r-oldrel-windows-ix86+x86_64