Last updated on 2022-04-24 03:52:32 CEST.
Flavor | Version | Tinstall | Tcheck | Ttotal | Status | Flags |
---|---|---|---|---|---|---|
r-devel-linux-x86_64-debian-clang | 2.0-1 | 3.18 | 39.78 | 42.96 | OK | --install=fake --no-examples --no-tests --no-vignettes |
r-devel-linux-x86_64-debian-gcc | 2.0-1 | 2.02 | 30.36 | 32.38 | OK | --install=fake --no-examples --no-tests --no-vignettes |
r-patched-linux-x86_64 | 2.0-1 | 2.89 | 37.79 | 40.68 | OK | --install=fake --no-examples --no-tests --no-vignettes |
r-release-linux-x86_64 | 2.0-1 | 2.01 | 35.98 | 37.99 | OK | --no-examples --no-tests --no-vignettes |
r-release-macos-arm64 | 2.0-1 | ERROR | ||||
r-release-macos-x86_64 | 2.0-1 | ERROR | ||||
r-release-windows-x86_64 | 2.0-1 | 1.00 | 7.00 | 8.00 | ERROR | |
r-oldrel-macos-arm64 | 2.0-1 | ERROR | ||||
r-oldrel-macos-x86_64 | 2.0-1 | ERROR |
Version: 2.0-1
Check: package dependencies
Result: ERROR
Package required but not available: ‘ROracle’
See section ‘The DESCRIPTION file’ in the ‘Writing R Extensions’
manual.
Flavors: r-release-macos-arm64, r-release-macos-x86_64, r-release-windows-x86_64, r-oldrel-macos-arm64, r-oldrel-macos-x86_64