Last updated on 2022-04-24 03:52:32 CEST.
Flavor | Version | Tinstall | Tcheck | Ttotal | Status | Flags |
---|---|---|---|---|---|---|
r-devel-linux-x86_64-debian-clang | 1.1-1 | 10.32 | 35.48 | 45.80 | OK | |
r-devel-linux-x86_64-debian-gcc | 1.1-1 | 8.78 | 26.91 | 35.69 | OK | |
r-devel-linux-x86_64-fedora-clang | 1.1-1 | 58.66 | NOTE | |||
r-devel-linux-x86_64-fedora-gcc | 1.1-1 | 44.55 | NOTE | |||
r-patched-linux-x86_64 | 1.1-1 | 10.20 | 33.16 | 43.36 | OK | |
r-release-linux-x86_64 | 1.1-1 | 8.64 | 31.95 | 40.59 | OK | |
r-release-macos-arm64 | 1.1-1 | OK | ||||
r-release-macos-x86_64 | 1.1-1 | OK | ||||
r-release-windows-x86_64 | 1.1-1 | 17.00 | 57.00 | 74.00 | OK | |
r-oldrel-macos-arm64 | 1.1-1 | OK | ||||
r-oldrel-macos-x86_64 | 1.1-1 | OK | ||||
r-oldrel-windows-ix86+x86_64 | 1.1-1 | 23.00 | 42.00 | 65.00 | OK |
Version: 1.1-1
Check: compiled code
Result: NOTE
File ‘orca/libs/orca.so’:
Found no calls to: ‘R_registerRoutines’, ‘R_useDynamicSymbols’
It is good practice to register native routines and to disable symbol
search.
See ‘Writing portable packages’ in the ‘Writing R Extensions’ manual.
Flavors: r-devel-linux-x86_64-fedora-clang, r-devel-linux-x86_64-fedora-gcc