Last updated on 2022-04-24 03:52:32 CEST.
Flavor | Version | Tinstall | Tcheck | Ttotal | Status | Flags |
---|---|---|---|---|---|---|
r-devel-linux-x86_64-debian-clang | 1.3.5 | 184.83 | 76.16 | 260.99 | OK | |
r-devel-linux-x86_64-debian-gcc | 1.3.5 | 157.53 | 58.14 | 215.67 | WARN | |
r-devel-linux-x86_64-fedora-clang | 1.3.5 | 401.53 | NOTE | |||
r-devel-linux-x86_64-fedora-gcc | 1.3.5 | 366.57 | OK | |||
r-patched-linux-x86_64 | 1.3.5 | 159.40 | 73.86 | 233.26 | OK | |
r-release-linux-x86_64 | 1.3.5 | 157.06 | 71.49 | 228.55 | OK | |
r-release-macos-arm64 | 1.3.5 | NOTE | ||||
r-release-macos-x86_64 | 1.3.5 | NOTE | ||||
r-release-windows-x86_64 | 1.3.5 | 151.00 | 134.00 | 285.00 | OK | |
r-oldrel-macos-arm64 | 1.3.5 | NOTE | ||||
r-oldrel-macos-x86_64 | 1.3.5 | NOTE | ||||
r-oldrel-windows-ix86+x86_64 | 1.3.5 | 433.00 | 128.00 | 561.00 | OK |
Version: 1.3.5
Check: whether package can be installed
Result: WARN
Found the following significant warnings:
/usr/include/x86_64-linux-gnu/bits/string_fortified.h:59:33: warning: ‘void* __builtin_memset(void*, int, long unsigned int)’ forming offset [176, 183] is out of the bounds [0, 176] of object ‘b’ with type ‘arma::vec’ {aka ‘arma::Col<double>’} [-Warray-bounds]
Flavor: r-devel-linux-x86_64-debian-gcc
Version: 1.3.5
Check: installed package size
Result: NOTE
installed size is 6.7Mb
sub-directories of 1Mb or more:
libs 6.4Mb
Flavors: r-devel-linux-x86_64-fedora-clang, r-release-macos-arm64, r-release-macos-x86_64, r-oldrel-macos-arm64, r-oldrel-macos-x86_64