Last updated on 2022-04-24 03:52:32 CEST.
Flavor | Version | Tinstall | Tcheck | Ttotal | Status | Flags |
---|---|---|---|---|---|---|
r-devel-linux-x86_64-debian-clang | 2.4-2 | 85.79 | 45.39 | 131.18 | WARN | |
r-devel-linux-x86_64-debian-gcc | 2.4-2 | 73.81 | 34.32 | 108.13 | OK | |
r-devel-linux-x86_64-fedora-clang | 2.4-2 | 206.11 | WARN | |||
r-devel-linux-x86_64-fedora-gcc | 2.4-2 | 160.43 | OK | |||
r-patched-linux-x86_64 | 2.4-2 | 76.47 | 42.16 | 118.63 | OK | |
r-release-linux-x86_64 | 2.4-2 | 73.88 | 41.08 | 114.96 | OK | |
r-release-macos-arm64 | 2.4-2 | NOTE | ||||
r-release-macos-x86_64 | 2.4-2 | NOTE | ||||
r-release-windows-x86_64 | 2.4-2 | 88.00 | 83.00 | 171.00 | OK | |
r-oldrel-macos-arm64 | 2.4-2 | NOTE | ||||
r-oldrel-macos-x86_64 | 2.4-2 | NOTE | ||||
r-oldrel-windows-ix86+x86_64 | 2.4-2 | 203.00 | 75.00 | 278.00 | OK |
Version: 2.4-2
Check: whether package can be installed
Result: WARN
Found the following significant warnings:
Forest.cpp:361:9: warning: use of bitwise '&' with boolean operands [-Wbitwise-instead-of-logical]
Flavors: r-devel-linux-x86_64-debian-clang, r-devel-linux-x86_64-fedora-clang
Version: 2.4-2
Check: installed package size
Result: NOTE
installed size is 6.6Mb
sub-directories of 1Mb or more:
libs 6.5Mb
Flavors: r-release-macos-arm64, r-release-macos-x86_64, r-oldrel-macos-arm64, r-oldrel-macos-x86_64