Last updated on 2022-04-24 03:52:32 CEST.
Flavor | Version | Tinstall | Tcheck | Ttotal | Status | Flags |
---|---|---|---|---|---|---|
r-devel-linux-x86_64-debian-clang | 1.0 | 2.23 | 36.53 | 38.76 | OK | |
r-devel-linux-x86_64-debian-gcc | 1.0 | 2.12 | 27.59 | 29.71 | OK | |
r-devel-linux-x86_64-fedora-clang | 1.0 | 48.27 | NOTE | |||
r-devel-linux-x86_64-fedora-gcc | 1.0 | 36.04 | NOTE | |||
r-patched-linux-x86_64 | 1.0 | 2.10 | 34.78 | 36.88 | OK | |
r-release-linux-x86_64 | 1.0 | 2.70 | 33.96 | 36.66 | OK | |
r-release-macos-arm64 | 1.0 | NOTE | ||||
r-release-macos-x86_64 | 1.0 | NOTE | ||||
r-release-windows-x86_64 | 1.0 | 11.00 | 50.00 | 61.00 | OK | |
r-oldrel-macos-arm64 | 1.0 | NOTE | ||||
r-oldrel-macos-x86_64 | 1.0 | NOTE | ||||
r-oldrel-windows-ix86+x86_64 | 1.0 | 6.00 | 41.00 | 47.00 | OK |
Version: 1.0
Check: dependencies in R code
Result: NOTE
Namespace in Imports field not imported from: ‘reshape2’
All declared Imports should be used.
Flavors: r-devel-linux-x86_64-fedora-clang, r-devel-linux-x86_64-fedora-gcc, r-release-macos-arm64, r-release-macos-x86_64, r-oldrel-macos-arm64, r-oldrel-macos-x86_64