Last updated on 2022-04-24 03:52:32 CEST.
Flavor | Version | Tinstall | Tcheck | Ttotal | Status | Flags |
---|---|---|---|---|---|---|
r-devel-linux-x86_64-debian-clang | 0.4-1 | 2.00 | 33.64 | 35.64 | OK | |
r-devel-linux-x86_64-debian-gcc | 0.4-1 | 1.58 | 26.48 | 28.06 | OK | |
r-devel-linux-x86_64-fedora-clang | 0.4-1 | 46.24 | NOTE | |||
r-devel-linux-x86_64-fedora-gcc | 0.4-1 | 34.53 | OK | |||
r-patched-linux-x86_64 | 0.4-1 | 1.95 | 33.53 | 35.48 | OK | |
r-release-linux-x86_64 | 0.4-1 | 1.63 | 32.60 | 34.23 | OK | |
r-release-macos-arm64 | 0.4-1 | OK | ||||
r-release-macos-x86_64 | 0.4-1 | OK | ||||
r-release-windows-x86_64 | 0.4-1 | 21.00 | 70.00 | 91.00 | OK | |
r-oldrel-macos-arm64 | 0.4-1 | OK | ||||
r-oldrel-macos-x86_64 | 0.4-1 | OK | ||||
r-oldrel-windows-ix86+x86_64 | 0.4-1 | 5.00 | 44.00 | 49.00 | OK |
Version: 0.4-1
Check: Rd cross-references
Result: NOTE
Undeclared package ‘microplot’ in Rd xrefs
Flavor: r-devel-linux-x86_64-fedora-clang