Last updated on 2022-04-24 03:52:32 CEST.
Flavor | Version | Tinstall | Tcheck | Ttotal | Status | Flags |
---|---|---|---|---|---|---|
r-devel-linux-x86_64-debian-clang | 4.10 | 4.47 | 51.88 | 56.35 | OK | |
r-devel-linux-x86_64-debian-gcc | 4.10 | 4.15 | 39.22 | 43.37 | OK | |
r-devel-linux-x86_64-fedora-clang | 4.10 | 67.86 | NOTE | |||
r-devel-linux-x86_64-fedora-gcc | 4.10 | 56.19 | NOTE | |||
r-patched-linux-x86_64 | 4.10 | 5.01 | 47.71 | 52.72 | OK | |
r-release-linux-x86_64 | 4.10 | 3.66 | 48.70 | 52.36 | OK | |
r-release-macos-arm64 | 4.10 | NOTE | ||||
r-release-macos-x86_64 | 4.10 | NOTE | ||||
r-release-windows-x86_64 | 4.10 | 27.00 | 74.00 | 101.00 | OK | |
r-oldrel-macos-arm64 | 4.10 | NOTE | ||||
r-oldrel-macos-x86_64 | 4.10 | NOTE | ||||
r-oldrel-windows-ix86+x86_64 | 4.10 | 10.00 | 62.00 | 72.00 | OK |
Version: 4.10
Check: dependencies in R code
Result: NOTE
Namespaces in Imports field not imported from:
‘knitr’ ‘rmarkdown’
All declared Imports should be used.
Flavors: r-devel-linux-x86_64-fedora-clang, r-devel-linux-x86_64-fedora-gcc, r-release-macos-arm64, r-release-macos-x86_64, r-oldrel-macos-arm64, r-oldrel-macos-x86_64
Version: 4.10
Check: Rd cross-references
Result: NOTE
Undeclared package ‘orloca.es’ in Rd xrefs
Flavor: r-devel-linux-x86_64-fedora-clang