Last updated on 2022-04-24 03:52:32 CEST.
Flavor | Version | Tinstall | Tcheck | Ttotal | Status | Flags |
---|---|---|---|---|---|---|
r-devel-linux-x86_64-debian-clang | 0.11.0 | 20.14 | 119.27 | 139.41 | NOTE | |
r-devel-linux-x86_64-debian-gcc | 0.11.0 | 14.93 | 88.33 | 103.26 | NOTE | |
r-devel-linux-x86_64-fedora-clang | 0.11.0 | 173.78 | NOTE | |||
r-devel-linux-x86_64-fedora-gcc | 0.11.0 | 161.45 | NOTE | |||
r-patched-linux-x86_64 | 0.11.0 | 20.18 | 113.65 | 133.83 | NOTE | |
r-release-linux-x86_64 | 0.11.0 | 18.75 | 108.41 | 127.16 | NOTE | |
r-release-macos-arm64 | 0.11.0 | NOTE | ||||
r-release-macos-x86_64 | 0.11.0 | NOTE | ||||
r-release-windows-x86_64 | 0.11.0 | 249.00 | 139.00 | 388.00 | NOTE | |
r-oldrel-macos-arm64 | 0.11.0 | NOTE | ||||
r-oldrel-macos-x86_64 | 0.11.0 | NOTE | ||||
r-oldrel-windows-ix86+x86_64 | 0.11.0 | 36.00 | 134.00 | 170.00 | NOTE |
Version: 0.11.0
Check: LazyData
Result: NOTE
'LazyData' is specified without a 'data' directory
'LazyDataCompression' is specified without a 'data' directory
Flavors: r-devel-linux-x86_64-debian-clang, r-devel-linux-x86_64-debian-gcc, r-devel-linux-x86_64-fedora-clang, r-devel-linux-x86_64-fedora-gcc, r-patched-linux-x86_64, r-release-linux-x86_64, r-release-macos-arm64, r-release-macos-x86_64, r-release-windows-x86_64, r-oldrel-macos-arm64, r-oldrel-macos-x86_64, r-oldrel-windows-ix86+x86_64
Version: 0.11.0
Check: installed package size
Result: NOTE
installed size is 6.6Mb
sub-directories of 1Mb or more:
R 1.0Mb
nifti 3.8Mb
Flavors: r-devel-linux-x86_64-fedora-clang, r-release-macos-arm64, r-release-macos-x86_64, r-release-windows-x86_64, r-oldrel-macos-arm64, r-oldrel-macos-x86_64, r-oldrel-windows-ix86+x86_64