Last updated on 2022-04-24 03:52:32 CEST.
Flavor | Version | Tinstall | Tcheck | Ttotal | Status | Flags |
---|---|---|---|---|---|---|
r-devel-linux-x86_64-debian-clang | 0.1.6 | 4.20 | 37.75 | 41.95 | NOTE | |
r-devel-linux-x86_64-debian-gcc | 0.1.6 | 3.02 | 29.52 | 32.54 | NOTE | |
r-devel-linux-x86_64-fedora-clang | 0.1.6 | 51.33 | NOTE | |||
r-devel-linux-x86_64-fedora-gcc | 0.1.6 | 39.05 | NOTE | |||
r-patched-linux-x86_64 | 0.1.6 | 3.42 | 36.68 | 40.10 | NOTE | |
r-release-linux-x86_64 | 0.1.6 | 3.69 | 36.01 | 39.70 | NOTE | |
r-release-macos-arm64 | 0.1.6 | NOTE | ||||
r-release-macos-x86_64 | 0.1.6 | NOTE | ||||
r-release-windows-x86_64 | 0.1.6 | 449.00 | 58.00 | 507.00 | NOTE | |
r-oldrel-macos-arm64 | 0.1.6 | NOTE | ||||
r-oldrel-macos-x86_64 | 0.1.6 | NOTE | ||||
r-oldrel-windows-ix86+x86_64 | 0.1.6 | 10.00 | 35.00 | 45.00 | NOTE |
Version: 0.1.6
Check: R code for possible problems
Result: NOTE
plot.SplineBasis: no visible global function definition for 'matplot'
plot,SplineBasis-matrix: no visible global function definition for
'matplot'
plot,SplineBasis-missing: no visible global function definition for
'matplot'
Undefined global functions or variables:
matplot
Consider adding
importFrom("graphics", "matplot")
to your NAMESPACE file.
Flavors: r-devel-linux-x86_64-debian-clang, r-devel-linux-x86_64-debian-gcc, r-devel-linux-x86_64-fedora-clang, r-devel-linux-x86_64-fedora-gcc, r-patched-linux-x86_64, r-release-linux-x86_64, r-release-macos-arm64, r-release-macos-x86_64, r-release-windows-x86_64, r-oldrel-macos-arm64, r-oldrel-macos-x86_64, r-oldrel-windows-ix86+x86_64