Last updated on 2022-04-24 03:52:32 CEST.
Flavor | Version | Tinstall | Tcheck | Ttotal | Status | Flags |
---|---|---|---|---|---|---|
r-devel-linux-x86_64-debian-clang | 1.0-5 | 5.32 | 49.84 | 55.16 | WARN | |
r-devel-linux-x86_64-debian-gcc | 1.0-5 | 3.55 | 38.31 | 41.86 | WARN | |
r-devel-linux-x86_64-fedora-clang | 1.0-5 | 71.96 | WARN | |||
r-devel-linux-x86_64-fedora-gcc | 1.0-5 | 61.86 | WARN | |||
r-patched-linux-x86_64 | 1.0-5 | 6.12 | 48.12 | 54.24 | NOTE | |
r-release-linux-x86_64 | 1.0-5 | 4.15 | 48.23 | 52.38 | NOTE | |
r-release-macos-arm64 | 1.0-5 | NOTE | ||||
r-release-macos-x86_64 | 1.0-5 | NOTE | ||||
r-release-windows-x86_64 | 1.0-5 | 248.00 | 74.00 | 322.00 | NOTE | |
r-oldrel-macos-arm64 | 1.0-5 | NOTE | ||||
r-oldrel-macos-x86_64 | 1.0-5 | NOTE | ||||
r-oldrel-windows-ix86+x86_64 | 1.0-5 | 10.00 | 61.00 | 71.00 | NOTE |
Version: 1.0-5
Check: dependencies in R code
Result: NOTE
'library' or 'require' call to 'polynom' which was already attached by Depends.
Please remove these calls from your code.
Package in Depends field not imported from: 'polynom'
These packages need to be imported from (in the NAMESPACE file)
for when this namespace is loaded but not attached.
Flavors: r-devel-linux-x86_64-debian-clang, r-devel-linux-x86_64-debian-gcc, r-devel-linux-x86_64-fedora-clang, r-devel-linux-x86_64-fedora-gcc, r-patched-linux-x86_64, r-release-linux-x86_64, r-release-macos-arm64, r-release-macos-x86_64, r-release-windows-x86_64, r-oldrel-macos-arm64, r-oldrel-macos-x86_64, r-oldrel-windows-ix86+x86_64
Version: 1.0-5
Check: R code for possible problems
Result: NOTE
chebyshev.c.polynomials: no visible global function definition for
'polynomial'
chebyshev.s.polynomials: no visible global function definition for
'polynomial'
chebyshev.t.polynomials: no visible global function definition for
'polynomial'
chebyshev.u.polynomials: no visible global function definition for
'polynomial'
gegenbauer.polynomials: no visible global function definition for
'polynomial'
ghermite.h.polynomials: no visible global function definition for
'polynomial'
glaguerre.polynomials: no visible global function definition for
'polynomial'
hermite.h.polynomials: no visible global function definition for
'polynomial'
hermite.he.polynomials: no visible global function definition for
'polynomial'
jacobi.g.polynomials: no visible global function definition for
'polynomial'
jacobi.p.polynomials: no visible global function definition for
'polynomial'
legendre.polynomials: no visible global function definition for
'polynomial'
monic.polynomials: no visible global function definition for
'polynomial'
orthogonal.polynomials: no visible global function definition for
'polynomial'
orthonormal.polynomials: no visible global function definition for
'polynomial'
polynomial.derivatives: no visible global function definition for
'deriv'
polynomial.integrals: no visible global function definition for
'integral'
polynomial.values: no visible global function definition for 'predict'
schebyshev.t.polynomials: no visible global function definition for
'polynomial'
schebyshev.u.polynomials: no visible global function definition for
'polynomial'
slegendre.polynomials: no visible global function definition for
'polynomial'
Undefined global functions or variables:
deriv integral polynomial predict
Consider adding
importFrom("stats", "deriv", "predict")
to your NAMESPACE file.
Flavors: r-devel-linux-x86_64-debian-clang, r-devel-linux-x86_64-debian-gcc, r-devel-linux-x86_64-fedora-clang, r-devel-linux-x86_64-fedora-gcc, r-patched-linux-x86_64, r-release-linux-x86_64, r-release-macos-arm64, r-release-macos-x86_64, r-release-windows-x86_64, r-oldrel-macos-arm64, r-oldrel-macos-x86_64, r-oldrel-windows-ix86+x86_64
Version: 1.0-5
Check: Rd files
Result: WARN
checkRd: (7) pochhammer.Rd:22: invalid email address: fnovomes@poly.edu)
Flavors: r-devel-linux-x86_64-debian-clang, r-devel-linux-x86_64-debian-gcc, r-devel-linux-x86_64-fedora-clang, r-devel-linux-x86_64-fedora-gcc