Last updated on 2022-04-24 03:52:32 CEST.
Flavor | Version | Tinstall | Tcheck | Ttotal | Status | Flags |
---|---|---|---|---|---|---|
r-devel-linux-x86_64-debian-clang | 0.1.9 | 77.45 | 116.60 | 194.05 | OK | |
r-devel-linux-x86_64-debian-gcc | 0.1.9 | 74.29 | 85.91 | 160.20 | OK | |
r-devel-linux-x86_64-fedora-clang | 0.1.9 | 270.62 | NOTE | |||
r-devel-linux-x86_64-fedora-gcc | 0.1.9 | 244.65 | OK | |||
r-patched-linux-x86_64 | 0.1.9 | 67.90 | 110.71 | 178.61 | OK | |
r-release-linux-x86_64 | 0.1.9 | 77.09 | 107.62 | 184.71 | OK | |
r-release-macos-arm64 | 0.1.9 | NOTE | ||||
r-release-macos-x86_64 | 0.1.9 | NOTE | ||||
r-release-windows-x86_64 | 0.1.9 | 91.00 | 192.00 | 283.00 | NOTE | |
r-oldrel-macos-arm64 | 0.1.9 | NOTE | ||||
r-oldrel-macos-x86_64 | 0.1.9 | NOTE | ||||
r-oldrel-windows-ix86+x86_64 | 0.1.9 | 186.00 | 201.00 | 387.00 | NOTE |
Version: 0.1.9
Check: installed package size
Result: NOTE
installed size is 11.3Mb
sub-directories of 1Mb or more:
doc 5.6Mb
libs 4.6Mb
Flavors: r-devel-linux-x86_64-fedora-clang, r-release-macos-arm64, r-release-macos-x86_64, r-release-windows-x86_64, r-oldrel-macos-arm64, r-oldrel-macos-x86_64, r-oldrel-windows-ix86+x86_64