Last updated on 2022-04-24 03:52:32 CEST.
| Flavor | Version | Tinstall | Tcheck | Ttotal | Status | Flags | 
|---|---|---|---|---|---|---|
| r-devel-linux-x86_64-debian-clang | 0.5.1 | 5.39 | 63.59 | 68.98 | OK | |
| r-devel-linux-x86_64-debian-gcc | 0.5.1 | 4.37 | 47.22 | 51.59 | OK | |
| r-devel-linux-x86_64-fedora-clang | 0.5.1 | 87.59 | OK | |||
| r-devel-linux-x86_64-fedora-gcc | 0.5.1 | 71.88 | OK | |||
| r-patched-linux-x86_64 | 0.5.1 | 5.73 | 59.38 | 65.11 | OK | |
| r-release-linux-x86_64 | 0.5.1 | 4.94 | 55.99 | 60.93 | OK | |
| r-release-macos-arm64 | 0.5.1 | OK | ||||
| r-release-macos-x86_64 | 0.5.1 | WARN | --as-cran | |||
| r-release-windows-x86_64 | 0.5.1 | 15.00 | 77.00 | 92.00 | OK | |
| r-oldrel-macos-arm64 | 0.5.1 | OK | ||||
| r-oldrel-macos-x86_64 | 0.5.1 | WARN | --as-cran | |||
| r-oldrel-windows-ix86+x86_64 | 0.5.1 | 13.00 | 67.00 | 80.00 | OK | 
Version: 0.5.1
Flags: --as-cran
Check: CRAN incoming feasibility
Result: WARN
    Maintainer: ‘Marcus Young <M.A.Young@soton.ac.uk>’
    
    Insufficient package version (submitted: 0.5.1, existing: 0.5.1)
    
    Days since last update: 1
Flavors: r-release-macos-x86_64, r-oldrel-macos-x86_64
Version: 0.5.1
Flags: --as-cran
Check: top-level files
Result: NOTE
    Files ‘README.md’ or ‘NEWS.md’ cannot be checked without ‘pandoc’ being installed.
Flavors: r-release-macos-x86_64, r-oldrel-macos-x86_64