Last updated on 2022-04-24 03:52:32 CEST.
Flavor | Version | Tinstall | Tcheck | Ttotal | Status | Flags |
---|---|---|---|---|---|---|
r-devel-linux-x86_64-debian-clang | 1.1.4 | 5.05 | 32.00 | 37.05 | OK | |
r-devel-linux-x86_64-debian-gcc | 1.1.4 | 3.91 | 24.95 | 28.86 | OK | |
r-devel-linux-x86_64-fedora-clang | 1.1.4 | 45.74 | NOTE | |||
r-devel-linux-x86_64-fedora-gcc | 1.1.4 | 33.77 | NOTE | |||
r-patched-linux-x86_64 | 1.1.4 | 4.71 | 31.68 | 36.39 | OK | |
r-release-linux-x86_64 | 1.1.4 | 4.59 | 30.60 | 35.19 | OK | |
r-release-macos-arm64 | 1.1.4 | NOTE | ||||
r-release-macos-x86_64 | 1.1.4 | NOTE | ||||
r-release-windows-x86_64 | 1.1.4 | 11.00 | 48.00 | 59.00 | OK | |
r-oldrel-macos-arm64 | 1.1.4 | NOTE | ||||
r-oldrel-macos-x86_64 | 1.1.4 | NOTE | ||||
r-oldrel-windows-ix86+x86_64 | 1.1.4 | 9.00 | 38.00 | 47.00 | OK |
Version: 1.1.4
Check: dependencies in R code
Result: NOTE
Namespaces in Imports field not imported from:
‘R6’ ‘pryr’ ‘yaml’
All declared Imports should be used.
Flavors: r-devel-linux-x86_64-fedora-clang, r-devel-linux-x86_64-fedora-gcc, r-release-macos-arm64, r-release-macos-x86_64, r-oldrel-macos-arm64, r-oldrel-macos-x86_64