Last updated on 2022-04-24 03:52:32 CEST.
Flavor | Version | Tinstall | Tcheck | Ttotal | Status | Flags |
---|---|---|---|---|---|---|
r-devel-linux-x86_64-debian-clang | 0.2.1 | 13.87 | 166.71 | 180.58 | OK | |
r-devel-linux-x86_64-debian-gcc | 0.2.1 | 11.86 | 123.46 | 135.32 | OK | |
r-devel-linux-x86_64-fedora-clang | 0.2.1 | 207.06 | NOTE | |||
r-devel-linux-x86_64-fedora-gcc | 0.2.1 | 188.36 | NOTE | |||
r-patched-linux-x86_64 | 0.2.1 | 13.55 | 150.94 | 164.49 | OK | |
r-release-linux-x86_64 | 0.2.1 | 8.16 | 138.71 | 146.87 | OK | |
r-release-macos-arm64 | 0.2.1 | NOTE | ||||
r-release-macos-x86_64 | 0.2.1 | NOTE | ||||
r-release-windows-x86_64 | 0.2.1 | 33.00 | 168.00 | 201.00 | OK | |
r-oldrel-macos-arm64 | 0.2.1 | NOTE | ||||
r-oldrel-macos-x86_64 | 0.2.1 | NOTE | ||||
r-oldrel-windows-ix86+x86_64 | 0.2.1 | 30.00 | 170.00 | 200.00 | OK |
Version: 0.2.1
Check: dependencies in R code
Result: NOTE
Namespace in Imports field not imported from: ‘quantreg’
All declared Imports should be used.
Flavors: r-devel-linux-x86_64-fedora-clang, r-devel-linux-x86_64-fedora-gcc, r-release-macos-arm64, r-release-macos-x86_64, r-oldrel-macos-arm64, r-oldrel-macos-x86_64