Last updated on 2022-04-24 03:52:32 CEST.
Flavor | Version | Tinstall | Tcheck | Ttotal | Status | Flags |
---|---|---|---|---|---|---|
r-devel-linux-x86_64-debian-clang | 1.1.2 | 52.04 | 1151.54 | 1203.58 | WARN | |
r-devel-linux-x86_64-debian-gcc | 1.1.2 | 47.89 | 806.98 | 854.87 | WARN | |
r-devel-linux-x86_64-fedora-clang | 1.1.2 | 1474.01 | WARN | |||
r-devel-linux-x86_64-fedora-gcc | 1.1.2 | 1552.87 | WARN | |||
r-patched-linux-x86_64 | 1.1.2 | 49.45 | 1047.64 | 1097.09 | OK | |
r-release-linux-x86_64 | 1.1.2 | 44.77 | 1008.54 | 1053.31 | OK | |
r-release-macos-arm64 | 1.1.2 | NOTE | ||||
r-release-macos-x86_64 | 1.1.2 | WARN | ||||
r-release-windows-x86_64 | 1.1.2 | 159.00 | 1137.00 | 1296.00 | OK | |
r-oldrel-macos-arm64 | 1.1.2 | NOTE | ||||
r-oldrel-macos-x86_64 | 1.1.2 | WARN | ||||
r-oldrel-windows-ix86+x86_64 | 1.1.2 | 125.00 | 1244.00 | 1369.00 | OK |
Version: 1.1.2
Check: Rd files
Result: WARN
checkRd: (7) palettes.Rd:25: invalid email address: thibautjombart@gmail_com
Flavors: r-devel-linux-x86_64-debian-clang, r-devel-linux-x86_64-debian-gcc, r-devel-linux-x86_64-fedora-clang, r-devel-linux-x86_64-fedora-gcc
Version: 1.1.2
Check: Rd cross-references
Result: NOTE
Undeclared package ‘adegenet’ in Rd xrefs
Flavor: r-devel-linux-x86_64-fedora-clang
Version: 1.1.2
Check: installed package size
Result: NOTE
installed size is 5.0Mb
sub-directories of 1Mb or more:
doc 1.9Mb
libs 2.9Mb
Flavors: r-release-macos-arm64, r-oldrel-macos-arm64
Version: 1.1.2
Check: re-building of vignette outputs
Result: WARN
Error(s) in re-building vignettes:
--- re-building ‘Rcpp_API.Rmd’ using rmarkdown
Warning in engine$weave(file, quiet = quiet, encoding = enc) :
Pandoc (>= 1.12.3) not available. Falling back to R Markdown v1.
--- finished re-building ‘Rcpp_API.Rmd’
--- re-building ‘customisation.Rmd’ using rmarkdown
Warning in engine$weave(file, quiet = quiet, encoding = enc) :
Pandoc (>= 1.12.3) not available. Falling back to R Markdown v1.
--- finished re-building ‘customisation.Rmd’
--- re-building ‘introduction.Rmd’ using rmarkdown
Warning in engine$weave(file, quiet = quiet, encoding = enc) :
Pandoc (>= 1.12.3) not available. Falling back to R Markdown v1.
Quitting from lines 185-198 (introduction.Rmd)
Error: processing vignette 'introduction.Rmd' failed with diagnostics:
invalid 'path' argument
--- failed re-building ‘introduction.Rmd’
--- re-building ‘overview.Rmd’ using rmarkdown
Warning in engine$weave(file, quiet = quiet, encoding = enc) :
Pandoc (>= 1.12.3) not available. Falling back to R Markdown v1.
--- finished re-building ‘overview.Rmd’
SUMMARY: processing the following file failed:
‘introduction.Rmd’
Error: Vignette re-building failed.
Execution halted
Flavors: r-release-macos-x86_64, r-oldrel-macos-x86_64