Last updated on 2022-04-24 03:52:32 CEST.
Flavor | Version | Tinstall | Tcheck | Ttotal | Status | Flags |
---|---|---|---|---|---|---|
r-devel-linux-x86_64-debian-clang | 1.8.1 | 100.41 | 58.10 | 158.51 | OK | |
r-devel-linux-x86_64-debian-gcc | 1.8.1 | 82.28 | 42.67 | 124.95 | OK | |
r-devel-linux-x86_64-fedora-clang | 1.8.1 | 237.08 | NOTE | |||
r-devel-linux-x86_64-fedora-gcc | 1.8.1 | 189.56 | OK | |||
r-patched-linux-x86_64 | 1.8.1 | 85.23 | 53.30 | 138.53 | OK | |
r-release-linux-x86_64 | 1.8.1 | 84.02 | 52.41 | 136.43 | OK | |
r-release-macos-arm64 | 1.8.1 | NOTE | ||||
r-release-macos-x86_64 | 1.8.1 | NOTE | ||||
r-release-windows-x86_64 | 1.8.1 | 132.00 | 103.00 | 235.00 | OK | |
r-oldrel-macos-arm64 | 1.8.1 | NOTE | ||||
r-oldrel-macos-x86_64 | 1.8.1 | NOTE | ||||
r-oldrel-windows-ix86+x86_64 | 1.8.1 | 210.00 | 93.00 | 303.00 | OK |
Version: 1.8.1
Check: installed package size
Result: NOTE
installed size is 5.7Mb
sub-directories of 1Mb or more:
doc 1.3Mb
libs 4.1Mb
Flavors: r-devel-linux-x86_64-fedora-clang, r-release-macos-arm64, r-release-macos-x86_64, r-oldrel-macos-arm64, r-oldrel-macos-x86_64