Last updated on 2022-04-24 03:52:32 CEST.
Flavor | Version | Tinstall | Tcheck | Ttotal | Status | Flags |
---|---|---|---|---|---|---|
r-devel-linux-x86_64-debian-clang | 0.1.1 | 3.22 | 49.69 | 52.91 | NOTE | |
r-devel-linux-x86_64-debian-gcc | 0.1.1 | 2.62 | 37.51 | 40.13 | NOTE | |
r-devel-linux-x86_64-fedora-clang | 0.1.1 | 62.64 | NOTE | |||
r-devel-linux-x86_64-fedora-gcc | 0.1.1 | 73.28 | NOTE | |||
r-patched-linux-x86_64 | 0.1.1 | 3.21 | 47.36 | 50.57 | NOTE | |
r-release-linux-x86_64 | 0.1.1 | 2.88 | 37.21 | 40.09 | NOTE | |
r-release-macos-arm64 | 0.1.1 | NOTE | ||||
r-release-macos-x86_64 | 0.1.1 | NOTE | ||||
r-release-windows-x86_64 | 0.1.1 | 23.00 | 79.00 | 102.00 | NOTE | |
r-oldrel-macos-arm64 | 0.1.1 | NOTE | ||||
r-oldrel-macos-x86_64 | 0.1.1 | NOTE | ||||
r-oldrel-windows-ix86+x86_64 | 0.1.1 | 8.00 | 49.00 | 57.00 | NOTE |
Version: 0.1.1
Check: LazyData
Result: NOTE
'LazyData' is specified without a 'data' directory
Flavors: r-devel-linux-x86_64-debian-clang, r-devel-linux-x86_64-debian-gcc, r-devel-linux-x86_64-fedora-clang, r-devel-linux-x86_64-fedora-gcc, r-patched-linux-x86_64, r-release-linux-x86_64, r-release-macos-arm64, r-release-macos-x86_64, r-release-windows-x86_64, r-oldrel-macos-arm64, r-oldrel-macos-x86_64, r-oldrel-windows-ix86+x86_64