Last updated on 2022-04-24 03:52:33 CEST.
Flavor | Version | Tinstall | Tcheck | Ttotal | Status | Flags |
---|---|---|---|---|---|---|
r-devel-linux-x86_64-debian-clang | 1.1.1 | 4.67 | 90.30 | 94.97 | OK | |
r-devel-linux-x86_64-debian-gcc | 1.1.1 | 2.51 | 69.39 | 71.90 | OK | |
r-devel-linux-x86_64-fedora-clang | 1.1.1 | 113.95 | OK | |||
r-devel-linux-x86_64-fedora-gcc | 1.1.1 | 112.99 | OK | |||
r-patched-linux-x86_64 | 1.1.1 | 4.85 | 87.53 | 92.38 | OK | |
r-release-linux-x86_64 | 1.1.1 | 3.99 | 77.74 | 81.73 | OK | |
r-release-macos-arm64 | 1.1.1 | OK | ||||
r-release-macos-x86_64 | 1.1.1 | OK | ||||
r-release-windows-x86_64 | 1.1.1 | 28.00 | 125.00 | 153.00 | OK | |
r-oldrel-macos-arm64 | 1.1.1 | OK | ||||
r-oldrel-macos-x86_64 | 1.1.1 | OK | ||||
r-oldrel-windows-ix86+x86_64 | 1.1.1 | 7.00 | 57.00 | 64.00 | WARN |
Version: 1.1.1
Check: re-building of vignette outputs
Result: WARN
Error(s) in re-building vignettes:
--- re-building 'basic-usage.Rmd' using rmarkdown
Error: processing vignette 'basic-usage.Rmd' failed with diagnostics:
only `math_method = 'mathjax'` is supported with earlier version than Pandoc 2.0
--- failed re-building 'basic-usage.Rmd'
SUMMARY: processing the following file failed:
'basic-usage.Rmd'
Error: Vignette re-building failed.
Execution halted
Flavor: r-oldrel-windows-ix86+x86_64