Last updated on 2022-04-24 03:52:33 CEST.
Flavor | Version | Tinstall | Tcheck | Ttotal | Status | Flags |
---|---|---|---|---|---|---|
r-devel-linux-x86_64-debian-clang | 0.1.1 | 6.02 | 64.20 | 70.22 | NOTE | |
r-devel-linux-x86_64-debian-gcc | 0.1.1 | 4.06 | 47.47 | 51.53 | NOTE | |
r-devel-linux-x86_64-fedora-clang | 0.1.1 | 84.37 | NOTE | |||
r-devel-linux-x86_64-fedora-gcc | 0.1.1 | 69.04 | NOTE | |||
r-patched-linux-x86_64 | 0.1.1 | 5.43 | 58.96 | 64.39 | NOTE | |
r-release-linux-x86_64 | 0.1.1 | 4.61 | 56.12 | 60.73 | NOTE | |
r-release-macos-arm64 | 0.1.1 | NOTE | ||||
r-release-macos-x86_64 | 0.1.1 | NOTE | ||||
r-release-windows-x86_64 | 0.1.1 | 16.00 | 78.00 | 94.00 | NOTE | |
r-oldrel-macos-arm64 | 0.1.1 | NOTE | ||||
r-oldrel-macos-x86_64 | 0.1.1 | NOTE | ||||
r-oldrel-windows-ix86+x86_64 | 0.1.1 | 14.00 | 67.00 | 81.00 | NOTE |
Version: 0.1.1
Check: LazyData
Result: NOTE
'LazyData' is specified without a 'data' directory
Flavors: r-devel-linux-x86_64-debian-clang, r-devel-linux-x86_64-debian-gcc, r-devel-linux-x86_64-fedora-clang, r-devel-linux-x86_64-fedora-gcc, r-patched-linux-x86_64, r-release-linux-x86_64, r-release-macos-arm64, r-release-macos-x86_64, r-release-windows-x86_64, r-oldrel-macos-arm64, r-oldrel-macos-x86_64, r-oldrel-windows-ix86+x86_64