Last updated on 2022-04-24 03:52:33 CEST.
Flavor | Version | Tinstall | Tcheck | Ttotal | Status | Flags |
---|---|---|---|---|---|---|
r-devel-linux-x86_64-debian-clang | 0.4.5 | 9.97 | 87.34 | 97.31 | OK | |
r-devel-linux-x86_64-debian-gcc | 0.4.5 | 9.03 | 66.14 | 75.17 | OK | |
r-devel-linux-x86_64-fedora-clang | 0.4.5 | 116.72 | OK | |||
r-devel-linux-x86_64-fedora-gcc | 0.4.5 | 103.34 | OK | |||
r-patched-linux-x86_64 | 0.4.5 | 9.64 | 84.27 | 93.91 | OK | |
r-release-linux-x86_64 | 0.4.5 | 8.66 | 77.63 | 86.29 | OK | |
r-release-macos-arm64 | 0.4.5 | NOTE | ||||
r-release-macos-x86_64 | 0.4.5 | OK | ||||
r-release-windows-x86_64 | 0.4.5 | 29.00 | 105.00 | 134.00 | OK | |
r-oldrel-macos-arm64 | 0.4.5 | NOTE | ||||
r-oldrel-macos-x86_64 | 0.4.5 | OK | ||||
r-oldrel-windows-ix86+x86_64 | 0.4.5 | 21.00 | 97.00 | 118.00 | OK |
Version: 0.4.5
Check: installed package size
Result: NOTE
installed size is 5.1Mb
sub-directories of 1Mb or more:
data 4.0Mb
Flavors: r-release-macos-arm64, r-oldrel-macos-arm64