Last updated on 2022-04-24 03:52:33 CEST.
Flavor | Version | Tinstall | Tcheck | Ttotal | Status | Flags |
---|---|---|---|---|---|---|
r-devel-linux-x86_64-debian-clang | 1.0 | 6.70 | 57.79 | 64.49 | OK | |
r-devel-linux-x86_64-debian-gcc | 1.0 | 4.60 | 41.66 | 46.26 | OK | |
r-devel-linux-x86_64-fedora-clang | 1.0 | 74.98 | NOTE | |||
r-devel-linux-x86_64-fedora-gcc | 1.0 | 62.44 | NOTE | |||
r-patched-linux-x86_64 | 1.0 | 4.24 | 53.27 | 57.51 | OK | |
r-release-linux-x86_64 | 1.0 | 5.00 | 52.62 | 57.62 | OK | |
r-release-macos-arm64 | 1.0 | OK | ||||
r-release-macos-x86_64 | 1.0 | OK | ||||
r-release-windows-x86_64 | 1.0 | 14.00 | 89.00 | 103.00 | OK | |
r-oldrel-macos-arm64 | 1.0 | OK | ||||
r-oldrel-macos-x86_64 | 1.0 | OK | ||||
r-oldrel-windows-ix86+x86_64 | 1.0 | 19.00 | 97.00 | 116.00 | OK |
Version: 1.0
Check: compiled code
Result: NOTE
File ‘pGMGM/libs/pGMGM.so’:
Found no calls to: ‘R_registerRoutines’, ‘R_useDynamicSymbols’
It is good practice to register native routines and to disable symbol
search.
See ‘Writing portable packages’ in the ‘Writing R Extensions’ manual.
Flavors: r-devel-linux-x86_64-fedora-clang, r-devel-linux-x86_64-fedora-gcc