Last updated on 2022-04-24 03:52:33 CEST.
Flavor | Version | Tinstall | Tcheck | Ttotal | Status | Flags |
---|---|---|---|---|---|---|
r-devel-linux-x86_64-debian-clang | 1.2-1 | 9.42 | 107.91 | 117.33 | NOTE | |
r-devel-linux-x86_64-debian-gcc | 1.2-1 | 6.03 | 80.82 | 86.85 | NOTE | |
r-devel-linux-x86_64-fedora-clang | 1.2-1 | 139.14 | NOTE | |||
r-devel-linux-x86_64-fedora-gcc | 1.2-1 | 127.81 | NOTE | |||
r-patched-linux-x86_64 | 1.2-1 | 7.73 | 103.87 | 111.60 | NOTE | |
r-release-linux-x86_64 | 1.2-1 | 8.43 | 97.77 | 106.20 | NOTE | |
r-release-macos-arm64 | 1.2-1 | NOTE | ||||
r-release-macos-x86_64 | 1.2-1 | NOTE | ||||
r-release-windows-x86_64 | 1.2-1 | 20.00 | 145.00 | 165.00 | NOTE | |
r-oldrel-macos-arm64 | 1.2-1 | NOTE | ||||
r-oldrel-macos-x86_64 | 1.2-1 | NOTE | ||||
r-oldrel-windows-ix86+x86_64 | 1.2-1 | 20.00 | 133.00 | 153.00 | NOTE |
Version: 1.2-1
Check: dependencies in R code
Result: NOTE
Package in Depends field not imported from: 'grid'
These packages need to be imported from (in the NAMESPACE file)
for when this namespace is loaded but not attached.
Flavors: r-devel-linux-x86_64-debian-clang, r-devel-linux-x86_64-debian-gcc, r-devel-linux-x86_64-fedora-clang, r-devel-linux-x86_64-fedora-gcc, r-patched-linux-x86_64, r-release-linux-x86_64, r-release-macos-arm64, r-release-macos-x86_64, r-release-windows-x86_64, r-oldrel-macos-arm64, r-oldrel-macos-x86_64, r-oldrel-windows-ix86+x86_64
Version: 1.2-1
Check: R code for possible problems
Result: NOTE
.formula.make: no visible global function definition for 'formula'
regress: no visible global function definition for 'lm'
regress: no visible global function definition for 'model.matrix'
Undefined global functions or variables:
formula lm model.matrix
Consider adding
importFrom("stats", "formula", "lm", "model.matrix")
to your NAMESPACE file.
Flavors: r-devel-linux-x86_64-debian-clang, r-devel-linux-x86_64-debian-gcc, r-devel-linux-x86_64-fedora-clang, r-devel-linux-x86_64-fedora-gcc, r-patched-linux-x86_64, r-release-linux-x86_64, r-release-macos-arm64, r-release-macos-x86_64, r-release-windows-x86_64, r-oldrel-macos-arm64, r-oldrel-macos-x86_64, r-oldrel-windows-ix86+x86_64