Last updated on 2022-04-24 03:52:33 CEST.
Flavor | Version | Tinstall | Tcheck | Ttotal | Status | Flags |
---|---|---|---|---|---|---|
r-devel-linux-x86_64-debian-clang | 0.2.2 | 29.52 | 376.62 | 406.14 | OK | |
r-devel-linux-x86_64-debian-gcc | 0.2.2 | 24.60 | 272.01 | 296.61 | OK | |
r-devel-linux-x86_64-fedora-clang | 0.2.2 | 496.52 | NOTE | |||
r-devel-linux-x86_64-fedora-gcc | 0.2.2 | 476.16 | NOTE | |||
r-patched-linux-x86_64 | 0.2.2 | 28.67 | 358.98 | 387.65 | OK | |
r-release-linux-x86_64 | 0.2.2 | 23.32 | 355.12 | 378.44 | OK | |
r-release-macos-arm64 | 0.2.2 | NOTE | ||||
r-release-macos-x86_64 | 0.2.2 | NOTE | ||||
r-release-windows-x86_64 | 0.2.2 | 90.00 | 457.00 | 547.00 | OK | |
r-oldrel-macos-arm64 | 0.2.2 | NOTE | ||||
r-oldrel-macos-x86_64 | 0.2.2 | NOTE | ||||
r-oldrel-windows-ix86+x86_64 | 0.2.2 | 66.00 | 528.00 | 594.00 | OK |
Version: 0.2.2
Check: package dependencies
Result: NOTE
Imports includes 29 non-default packages.
Importing from so many packages makes the package vulnerable to any of
them becoming unavailable. Move as many as possible to Suggests and
use conditionally.
Flavor: r-devel-linux-x86_64-fedora-clang
Version: 0.2.2
Check: dependencies in R code
Result: NOTE
Namespaces in Imports field not imported from:
‘flexsurv’ ‘nlme’ ‘tibble’ ‘tidyverse’ ‘tm’
All declared Imports should be used.
Flavors: r-devel-linux-x86_64-fedora-clang, r-devel-linux-x86_64-fedora-gcc, r-release-macos-arm64, r-release-macos-x86_64, r-oldrel-macos-arm64, r-oldrel-macos-x86_64