Last updated on 2022-04-24 03:52:33 CEST.
Flavor | Version | Tinstall | Tcheck | Ttotal | Status | Flags |
---|---|---|---|---|---|---|
r-devel-linux-x86_64-debian-clang | 0.3.4 | 51.58 | 58.63 | 110.21 | OK | |
r-devel-linux-x86_64-debian-gcc | 0.3.4 | 38.71 | 45.50 | 84.21 | OK | |
r-devel-linux-x86_64-fedora-clang | 0.3.4 | 147.13 | OK | |||
r-devel-linux-x86_64-fedora-gcc | 0.3.4 | 123.55 | OK | |||
r-patched-linux-x86_64 | 0.3.4 | 43.99 | 57.91 | 101.90 | OK | |
r-release-linux-x86_64 | 0.3.4 | 42.63 | 56.58 | 99.21 | OK | |
r-release-macos-arm64 | 0.3.4 | OK | ||||
r-release-macos-x86_64 | 0.3.4 | WARN | ||||
r-release-windows-x86_64 | 0.3.4 | 50.00 | 104.00 | 154.00 | OK | |
r-oldrel-macos-arm64 | 0.3.4 | OK | ||||
r-oldrel-macos-x86_64 | 0.3.4 | WARN | ||||
r-oldrel-windows-ix86+x86_64 | 0.3.4 | 108.00 | 108.00 | 216.00 | OK |
Version: 0.3.4
Check: re-building of vignette outputs
Result: WARN
Error(s) in re-building vignettes:
...
--- re-building ‘graph_packing.Rmd’ using rmarkdown
Warning in engine$weave(file, quiet = quiet, encoding = enc) :
Pandoc (>= 1.12.3) not available. Falling back to R Markdown v1.
--- finished re-building ‘graph_packing.Rmd’
--- re-building ‘intro.Rmd’ using rmarkdown
Warning in engine$weave(file, quiet = quiet, encoding = enc) :
Pandoc (>= 1.12.3) not available. Falling back to R Markdown v1.
--- finished re-building ‘intro.Rmd’
--- re-building ‘progressive_packing.Rmd’ using rmarkdown
Warning in engine$weave(file, quiet = quiet, encoding = enc) :
Pandoc (>= 1.12.3) not available. Falling back to R Markdown v1.
Quitting from lines 204-226 (progressive_packing.Rmd)
Error: processing vignette 'progressive_packing.Rmd' failed with diagnostics:
invalid 'path' argument
--- failed re-building ‘progressive_packing.Rmd’
SUMMARY: processing the following file failed:
‘progressive_packing.Rmd’
Error: Vignette re-building failed.
Execution halted
Flavors: r-release-macos-x86_64, r-oldrel-macos-x86_64